{"id":90,"date":"2025-08-25T02:03:56","date_gmt":"2025-08-25T06:03:56","guid":{"rendered":"https:\/\/4575d4bec0.nxcli.io\/apac\/australia\/?page_id=90"},"modified":"2025-12-22T01:07:46","modified_gmt":"2025-12-22T06:07:46","slug":"about-eveready","status":"publish","type":"page","link":"https:\/\/eveready.com\/apac\/vietnam\/about-eveready\/","title":{"rendered":"V\u1ec0 CH\u00daNG T\u00d4I"},"content":{"rendered":"\t\t<div data-elementor-type=\"wp-page\" data-elementor-id=\"90\" class=\"elementor elementor-90\" data-elementor-post-type=\"page\">\n\t\t\t\t<div class=\"elementor-element elementor-element-94c7a90 e-flex e-con-boxed e-con e-parent\" data-id=\"94c7a90\" data-element_type=\"container\" data-e-type=\"container\">\n\t\t\t\t\t<div class=\"e-con-inner\">\n\t\t<div class=\"elementor-element elementor-element-8e6b2bb e-con-full e-flex e-con e-child\" data-id=\"8e6b2bb\" data-element_type=\"container\" data-e-type=\"container\">\n\t\t\t\t<div class=\"elementor-element elementor-element-ce945d9 elementor-widget elementor-widget-image\" data-id=\"ce945d9\" data-element_type=\"widget\" data-e-type=\"widget\" data-widget_type=\"image.default\">\n\t\t\t\t\t\t\t\t\t\t\t\t\t\t\t<img fetchpriority=\"high\" decoding=\"async\" width=\"1500\" height=\"650\" src=\"https:\/\/eveready.com\/apac\/vietnam\/wp-content\/uploads\/sites\/4\/2025\/09\/subbanner.png\" class=\"attachment-full size-full wp-image-3648\" alt=\"\" srcset=\"https:\/\/eveready.com\/apac\/vietnam\/wp-content\/uploads\/sites\/4\/2025\/09\/subbanner.png 1500w, https:\/\/eveready.com\/apac\/vietnam\/wp-content\/uploads\/sites\/4\/2025\/09\/subbanner-300x130.png 300w, https:\/\/eveready.com\/apac\/vietnam\/wp-content\/uploads\/sites\/4\/2025\/09\/subbanner-1024x444.png 1024w, https:\/\/eveready.com\/apac\/vietnam\/wp-content\/uploads\/sites\/4\/2025\/09\/subbanner-150x65.png 150w, https:\/\/eveready.com\/apac\/vietnam\/wp-content\/uploads\/sites\/4\/2025\/09\/subbanner-768x333.png 768w, https:\/\/eveready.com\/apac\/vietnam\/wp-content\/uploads\/sites\/4\/2025\/09\/subbanner-600x260.png 600w\" sizes=\"(max-width: 1500px) 100vw, 1500px\" \/>\t\t\t\t\t\t\t\t\t\t\t\t\t\t\t<\/div>\n\t\t<div class=\"elementor-element elementor-element-5d4faa3 e-con-full e-flex e-con e-child\" data-id=\"5d4faa3\" data-element_type=\"container\" data-e-type=\"container\">\n\t\t\t\t<div class=\"elementor-element elementor-element-a2924f9 yellow-heading elementor-widget elementor-widget-heading\" data-id=\"a2924f9\" data-element_type=\"widget\" data-e-type=\"widget\" data-widget_type=\"heading.default\">\n\t\t\t\t\t<h2 class=\"elementor-heading-title elementor-size-default\">V\u1ec0 CH\u00daNG<\/h2>\t\t\t\t<\/div>\n\t\t\t\t<div class=\"elementor-element elementor-element-6d8b7b8 elementor-widget-divider--view-line elementor-widget elementor-widget-divider\" data-id=\"6d8b7b8\" data-element_type=\"widget\" data-e-type=\"widget\" data-widget_type=\"divider.default\">\n\t\t\t\t\t\t\t<div class=\"elementor-divider\">\n\t\t\t<span class=\"elementor-divider-separator\">\n\t\t\t\t\t\t<\/span>\n\t\t<\/div>\n\t\t\t\t\t\t<\/div>\n\t\t\t\t<div class=\"elementor-element elementor-element-00f7dbb white-heading elementor-widget elementor-widget-heading\" data-id=\"00f7dbb\" data-element_type=\"widget\" data-e-type=\"widget\" data-widget_type=\"heading.default\">\n\t\t\t\t\t<h2 class=\"elementor-heading-title elementor-size-default\">T\u00d4I<\/h2>\t\t\t\t<\/div>\n\t\t\t\t<\/div>\n\t\t\t\t<\/div>\n\t\t\t\t\t<\/div>\n\t\t\t\t<\/div>\n\t\t<div class=\"elementor-element elementor-element-df6d546 e-flex e-con-boxed e-con e-parent\" data-id=\"df6d546\" data-element_type=\"container\" data-e-type=\"container\">\n\t\t\t\t\t<div class=\"e-con-inner\">\n\t\t\t\t<div class=\"elementor-element elementor-element-c39dae1 elementor-widget elementor-widget-text-editor\" data-id=\"c39dae1\" data-element_type=\"widget\" data-e-type=\"widget\" data-widget_type=\"text-editor.default\">\n\t\t\t\t\t\t\t\t\tEveready\u00ae kh\u1edfi ngu\u1ed3n t\u1eeb \u0111\u1ea7u th\u1ebf k\u1ef7 20, khi American Eveready\u00ae Company &#8211; \u0111\u01a1n v\u1ecb ti\u00ean phong ch\u1ebf t\u1ea1o \u0111\u00e8n pin c\u1ea7m tay &#8211; b\u1eaft tay h\u1ee3p t\u00e1c c\u00f9ng National Carbon Company &#8211; nh\u00e0 s\u00e1ng ch\u1ebf vi\u00ean pin kh\u00f4 c\u1ee1 D \u0111\u1ea7u ti\u00ean tr\u00ean th\u1ebf gi\u1edbi. N\u0103m 1907 \u0111\u00e1nh d\u1ea5u c\u1ed9t m\u1ed1c quan tr\u1ecdng khi Eveready\u00ae ra m\u1eaft lo\u1ea1i pin c\u1ee1 AA m\u1edbi, k\u00e8m theo h\u00e0ng lo\u1ea1t m\u1eabu \u0111\u00e8n pin s\u1eed d\u1ee5ng lo\u1ea1i pin m\u1edbi n\u00e0y. Nh\u1eefng b\u01b0\u1edbc ti\u1ebfn kh\u00f4ng ng\u1eebng ngh\u1ec9 \u0111\u01b0\u1ee3c ch\u1ee9ng ki\u1ebfn qua t\u1eebng giai \u0111o\u1ea1n: pin AAA ra \u0111\u1eddi n\u0103m 1911, pin 9V ti\u00ean phong xu\u1ea5t hi\u1ec7n n\u0103m 1956, ti\u1ebfp \u0111\u1ebfn l\u00e0 pin ki\u1ec1m \u0111\u1ea7u ti\u00ean n\u0103m 1957. K\u1ec3 t\u1eeb \u0111\u00f3, h\u00e0ng tri\u1ec7u gia \u0111\u00ecnh \u0111\u00e3 g\u1eedi g\u1eafm ni\u1ec1m tin v\u00e0o pin Eveready\u00ae s\u1eed d\u1ee5ng cho \u0111\u1ed3 ch\u01a1i, \u0111\u1ed3ng h\u1ed3 v\u00e0 v\u00f4 v\u00e0n thi\u1ebft b\u1ecb sinh ho\u1ea1t h\u1eb1ng ng\u00e0y. Eveready\u00ae ti\u1ebfp t\u1ee5c tr\u1edf th\u00e0nh bi\u1ec3u t\u01b0\u1ee3ng b\u1ea5t bi\u1ebfn c\u1ee7a l\u00f2ng tin v\u00e0 s\u1ef1 uy t\u00edn.\t\t\t\t\t\t\t\t<\/div>\n\t\t\t\t\t<\/div>\n\t\t\t\t<\/div>\n\t\t\t\t<\/div>\n\t\t","protected":false},"excerpt":{"rendered":"<p>V\u1ec0 CH\u00daNG T\u00d4I Eveready\u00ae kh\u1edfi ngu\u1ed3n t\u1eeb \u0111\u1ea7u th\u1ebf k\u1ef7 20, khi American Eveready\u00ae Company &#8211; \u0111\u01a1n v\u1ecb ti\u00ean phong ch\u1ebf t\u1ea1o \u0111\u00e8n pin c\u1ea7m tay &#8211; b\u1eaft tay h\u1ee3p t\u00e1c c\u00f9ng National Carbon Company &#8211; nh\u00e0 s\u00e1ng ch\u1ebf vi\u00ean pin kh\u00f4 c\u1ee1 D \u0111\u1ea7u ti\u00ean tr\u00ean th\u1ebf gi\u1edbi. N\u0103m 1907 \u0111\u00e1nh d\u1ea5u c\u1ed9t m\u1ed1c [&hellip;]<\/p>\n","protected":false},"author":1,"featured_media":0,"parent":0,"menu_order":0,"comment_status":"closed","ping_status":"closed","template":"","meta":{"_acf_changed":false,"footnotes":""},"class_list":["post-90","page","type-page","status-publish","hentry"],"acf":[],"yoast_head":"<!-- This site is optimized with the Yoast SEO plugin v27.2 - https:\/\/yoast.com\/product\/yoast-seo-wordpress\/ -->\n<title>V\u1ec0 CH\u00daNG T\u00d4I - Eveready Vietnam<\/title>\n<meta name=\"robots\" content=\"index, follow, max-snippet:-1, max-image-preview:large, max-video-preview:-1\" \/>\n<link rel=\"canonical\" href=\"https:\/\/eveready.com\/apac\/vietnam\/about-eveready\/\" \/>\n<meta property=\"og:locale\" content=\"en_US\" \/>\n<meta property=\"og:type\" content=\"article\" \/>\n<meta property=\"og:title\" content=\"V\u1ec0 CH\u00daNG T\u00d4I - Eveready Vietnam\" \/>\n<meta property=\"og:description\" content=\"V\u1ec0 CH\u00daNG T\u00d4I Eveready\u00ae kh\u1edfi ngu\u1ed3n t\u1eeb \u0111\u1ea7u th\u1ebf k\u1ef7 20, khi American Eveready\u00ae Company &#8211; \u0111\u01a1n v\u1ecb ti\u00ean phong ch\u1ebf t\u1ea1o \u0111\u00e8n pin c\u1ea7m tay &#8211; b\u1eaft tay h\u1ee3p t\u00e1c c\u00f9ng National Carbon Company &#8211; nh\u00e0 s\u00e1ng ch\u1ebf vi\u00ean pin kh\u00f4 c\u1ee1 D \u0111\u1ea7u ti\u00ean tr\u00ean th\u1ebf gi\u1edbi. N\u0103m 1907 \u0111\u00e1nh d\u1ea5u c\u1ed9t m\u1ed1c [&hellip;]\" \/>\n<meta property=\"og:url\" content=\"https:\/\/eveready.com\/apac\/vietnam\/about-eveready\/\" \/>\n<meta property=\"og:site_name\" content=\"Eveready Vietnam\" \/>\n<meta property=\"article:modified_time\" content=\"2025-12-22T06:07:46+00:00\" \/>\n<meta property=\"og:image\" content=\"https:\/\/eveready.com\/apac\/vietnam\/wp-content\/uploads\/sites\/4\/2025\/09\/subbanner.png\" \/>\n\t<meta property=\"og:image:width\" content=\"1500\" \/>\n\t<meta property=\"og:image:height\" content=\"650\" \/>\n\t<meta property=\"og:image:type\" content=\"image\/png\" \/>\n<meta name=\"twitter:card\" content=\"summary_large_image\" \/>\n<meta name=\"twitter:label1\" content=\"Est. reading time\" \/>\n\t<meta name=\"twitter:data1\" content=\"1 minute\" \/>\n<script type=\"application\/ld+json\" class=\"yoast-schema-graph\">{\"@context\":\"https:\/\/schema.org\",\"@graph\":[{\"@type\":\"WebPage\",\"@id\":\"https:\/\/eveready.com\/apac\/vietnam\/about-eveready\/\",\"url\":\"https:\/\/eveready.com\/apac\/vietnam\/about-eveready\/\",\"name\":\"V\u1ec0 CH\u00daNG T\u00d4I - Eveready Vietnam\",\"isPartOf\":{\"@id\":\"https:\/\/eveready.com\/apac\/vietnam\/#website\"},\"primaryImageOfPage\":{\"@id\":\"https:\/\/eveready.com\/apac\/vietnam\/about-eveready\/#primaryimage\"},\"image\":{\"@id\":\"https:\/\/eveready.com\/apac\/vietnam\/about-eveready\/#primaryimage\"},\"thumbnailUrl\":\"https:\/\/eveready.com\/apac\/vietnam\/wp-content\/uploads\/sites\/4\/2025\/09\/subbanner.png\",\"datePublished\":\"2025-08-25T06:03:56+00:00\",\"dateModified\":\"2025-12-22T06:07:46+00:00\",\"breadcrumb\":{\"@id\":\"https:\/\/eveready.com\/apac\/vietnam\/about-eveready\/#breadcrumb\"},\"inLanguage\":\"en-US\",\"potentialAction\":[{\"@type\":\"ReadAction\",\"target\":[\"https:\/\/eveready.com\/apac\/vietnam\/about-eveready\/\"]}]},{\"@type\":\"ImageObject\",\"inLanguage\":\"en-US\",\"@id\":\"https:\/\/eveready.com\/apac\/vietnam\/about-eveready\/#primaryimage\",\"url\":\"https:\/\/eveready.com\/apac\/vietnam\/wp-content\/uploads\/sites\/4\/2025\/09\/subbanner.png\",\"contentUrl\":\"https:\/\/eveready.com\/apac\/vietnam\/wp-content\/uploads\/sites\/4\/2025\/09\/subbanner.png\",\"width\":1500,\"height\":650},{\"@type\":\"BreadcrumbList\",\"@id\":\"https:\/\/eveready.com\/apac\/vietnam\/about-eveready\/#breadcrumb\",\"itemListElement\":[{\"@type\":\"ListItem\",\"position\":1,\"name\":\"Home\",\"item\":\"https:\/\/eveready.com\/apac\/vietnam\/\"},{\"@type\":\"ListItem\",\"position\":2,\"name\":\"V\u1ec0 CH\u00daNG T\u00d4I\"}]},{\"@type\":\"WebSite\",\"@id\":\"https:\/\/eveready.com\/apac\/vietnam\/#website\",\"url\":\"https:\/\/eveready.com\/apac\/vietnam\/\",\"name\":\"Eveready Vietnam\",\"description\":\"\",\"publisher\":{\"@id\":\"https:\/\/eveready.com\/apac\/vietnam\/#organization\"},\"potentialAction\":[{\"@type\":\"SearchAction\",\"target\":{\"@type\":\"EntryPoint\",\"urlTemplate\":\"https:\/\/eveready.com\/apac\/vietnam\/?s={search_term_string}\"},\"query-input\":{\"@type\":\"PropertyValueSpecification\",\"valueRequired\":true,\"valueName\":\"search_term_string\"}}],\"inLanguage\":\"en-US\"},{\"@type\":\"Organization\",\"@id\":\"https:\/\/eveready.com\/apac\/vietnam\/#organization\",\"name\":\"Eveready Vietnam\",\"url\":\"https:\/\/eveready.com\/apac\/vietnam\/\",\"logo\":{\"@type\":\"ImageObject\",\"inLanguage\":\"en-US\",\"@id\":\"https:\/\/eveready.com\/apac\/vietnam\/#\/schema\/logo\/image\/\",\"url\":\"https:\/\/eveready.com\/apac\/vietnam\/wp-content\/uploads\/sites\/4\/2025\/08\/logo-eveready.png\",\"contentUrl\":\"https:\/\/eveready.com\/apac\/vietnam\/wp-content\/uploads\/sites\/4\/2025\/08\/logo-eveready.png\",\"width\":855,\"height\":220,\"caption\":\"Eveready Vietnam\"},\"image\":{\"@id\":\"https:\/\/eveready.com\/apac\/vietnam\/#\/schema\/logo\/image\/\"}}]}<\/script>\n<!-- \/ Yoast SEO plugin. -->","yoast_head_json":{"title":"V\u1ec0 CH\u00daNG T\u00d4I - Eveready Vietnam","robots":{"index":"index","follow":"follow","max-snippet":"max-snippet:-1","max-image-preview":"max-image-preview:large","max-video-preview":"max-video-preview:-1"},"canonical":"https:\/\/eveready.com\/apac\/vietnam\/about-eveready\/","og_locale":"en_US","og_type":"article","og_title":"V\u1ec0 CH\u00daNG T\u00d4I - Eveready Vietnam","og_description":"V\u1ec0 CH\u00daNG T\u00d4I Eveready\u00ae kh\u1edfi ngu\u1ed3n t\u1eeb \u0111\u1ea7u th\u1ebf k\u1ef7 20, khi American Eveready\u00ae Company &#8211; \u0111\u01a1n v\u1ecb ti\u00ean phong ch\u1ebf t\u1ea1o \u0111\u00e8n pin c\u1ea7m tay &#8211; b\u1eaft tay h\u1ee3p t\u00e1c c\u00f9ng National Carbon Company &#8211; nh\u00e0 s\u00e1ng ch\u1ebf vi\u00ean pin kh\u00f4 c\u1ee1 D \u0111\u1ea7u ti\u00ean tr\u00ean th\u1ebf gi\u1edbi. N\u0103m 1907 \u0111\u00e1nh d\u1ea5u c\u1ed9t m\u1ed1c [&hellip;]","og_url":"https:\/\/eveready.com\/apac\/vietnam\/about-eveready\/","og_site_name":"Eveready Vietnam","article_modified_time":"2025-12-22T06:07:46+00:00","og_image":[{"width":1500,"height":650,"url":"https:\/\/eveready.com\/apac\/vietnam\/wp-content\/uploads\/sites\/4\/2025\/09\/subbanner.png","type":"image\/png"}],"twitter_card":"summary_large_image","twitter_misc":{"Est. reading time":"1 minute"},"schema":{"@context":"https:\/\/schema.org","@graph":[{"@type":"WebPage","@id":"https:\/\/eveready.com\/apac\/vietnam\/about-eveready\/","url":"https:\/\/eveready.com\/apac\/vietnam\/about-eveready\/","name":"V\u1ec0 CH\u00daNG T\u00d4I - Eveready Vietnam","isPartOf":{"@id":"https:\/\/eveready.com\/apac\/vietnam\/#website"},"primaryImageOfPage":{"@id":"https:\/\/eveready.com\/apac\/vietnam\/about-eveready\/#primaryimage"},"image":{"@id":"https:\/\/eveready.com\/apac\/vietnam\/about-eveready\/#primaryimage"},"thumbnailUrl":"https:\/\/eveready.com\/apac\/vietnam\/wp-content\/uploads\/sites\/4\/2025\/09\/subbanner.png","datePublished":"2025-08-25T06:03:56+00:00","dateModified":"2025-12-22T06:07:46+00:00","breadcrumb":{"@id":"https:\/\/eveready.com\/apac\/vietnam\/about-eveready\/#breadcrumb"},"inLanguage":"en-US","potentialAction":[{"@type":"ReadAction","target":["https:\/\/eveready.com\/apac\/vietnam\/about-eveready\/"]}]},{"@type":"ImageObject","inLanguage":"en-US","@id":"https:\/\/eveready.com\/apac\/vietnam\/about-eveready\/#primaryimage","url":"https:\/\/eveready.com\/apac\/vietnam\/wp-content\/uploads\/sites\/4\/2025\/09\/subbanner.png","contentUrl":"https:\/\/eveready.com\/apac\/vietnam\/wp-content\/uploads\/sites\/4\/2025\/09\/subbanner.png","width":1500,"height":650},{"@type":"BreadcrumbList","@id":"https:\/\/eveready.com\/apac\/vietnam\/about-eveready\/#breadcrumb","itemListElement":[{"@type":"ListItem","position":1,"name":"Home","item":"https:\/\/eveready.com\/apac\/vietnam\/"},{"@type":"ListItem","position":2,"name":"V\u1ec0 CH\u00daNG T\u00d4I"}]},{"@type":"WebSite","@id":"https:\/\/eveready.com\/apac\/vietnam\/#website","url":"https:\/\/eveready.com\/apac\/vietnam\/","name":"Eveready Vietnam","description":"","publisher":{"@id":"https:\/\/eveready.com\/apac\/vietnam\/#organization"},"potentialAction":[{"@type":"SearchAction","target":{"@type":"EntryPoint","urlTemplate":"https:\/\/eveready.com\/apac\/vietnam\/?s={search_term_string}"},"query-input":{"@type":"PropertyValueSpecification","valueRequired":true,"valueName":"search_term_string"}}],"inLanguage":"en-US"},{"@type":"Organization","@id":"https:\/\/eveready.com\/apac\/vietnam\/#organization","name":"Eveready Vietnam","url":"https:\/\/eveready.com\/apac\/vietnam\/","logo":{"@type":"ImageObject","inLanguage":"en-US","@id":"https:\/\/eveready.com\/apac\/vietnam\/#\/schema\/logo\/image\/","url":"https:\/\/eveready.com\/apac\/vietnam\/wp-content\/uploads\/sites\/4\/2025\/08\/logo-eveready.png","contentUrl":"https:\/\/eveready.com\/apac\/vietnam\/wp-content\/uploads\/sites\/4\/2025\/08\/logo-eveready.png","width":855,"height":220,"caption":"Eveready Vietnam"},"image":{"@id":"https:\/\/eveready.com\/apac\/vietnam\/#\/schema\/logo\/image\/"}}]}},"_links":{"self":[{"href":"https:\/\/eveready.com\/apac\/vietnam\/wp-json\/wp\/v2\/pages\/90","targetHints":{"allow":["GET"]}}],"collection":[{"href":"https:\/\/eveready.com\/apac\/vietnam\/wp-json\/wp\/v2\/pages"}],"about":[{"href":"https:\/\/eveready.com\/apac\/vietnam\/wp-json\/wp\/v2\/types\/page"}],"author":[{"embeddable":true,"href":"https:\/\/eveready.com\/apac\/vietnam\/wp-json\/wp\/v2\/users\/1"}],"replies":[{"embeddable":true,"href":"https:\/\/eveready.com\/apac\/vietnam\/wp-json\/wp\/v2\/comments?post=90"}],"version-history":[{"count":34,"href":"https:\/\/eveready.com\/apac\/vietnam\/wp-json\/wp\/v2\/pages\/90\/revisions"}],"predecessor-version":[{"id":5061,"href":"https:\/\/eveready.com\/apac\/vietnam\/wp-json\/wp\/v2\/pages\/90\/revisions\/5061"}],"wp:attachment":[{"href":"https:\/\/eveready.com\/apac\/vietnam\/wp-json\/wp\/v2\/media?parent=90"}],"curies":[{"name":"wp","href":"https:\/\/api.w.org\/{rel}","templated":true}]}}