{"id":3667,"date":"2025-09-26T02:16:05","date_gmt":"2025-09-26T06:16:05","guid":{"rendered":"https:\/\/4575d4bec0.nxcli.io\/apac\/australia\/?page_id=3667"},"modified":"2026-03-31T02:35:04","modified_gmt":"2026-03-31T06:35:04","slug":"brand-ambassador","status":"publish","type":"page","link":"https:\/\/eveready.com\/eu\/italy\/brand-ambassador\/","title":{"rendered":"Ambasciatore del Marchio"},"content":{"rendered":"\t\t<div data-elementor-type=\"wp-page\" data-elementor-id=\"3667\" class=\"elementor elementor-3667\" data-elementor-post-type=\"page\">\n\t\t\t\t<div class=\"elementor-element elementor-element-80638f2 e-flex e-con-boxed e-con e-parent\" data-id=\"80638f2\" data-element_type=\"container\" data-e-type=\"container\">\n\t\t\t\t\t<div class=\"e-con-inner\">\n\t\t<div class=\"elementor-element elementor-element-5ab3aef e-con-full e-flex e-con e-child\" data-id=\"5ab3aef\" data-element_type=\"container\" data-e-type=\"container\">\n\t\t\t\t<div class=\"elementor-element elementor-element-04b669b elementor-widget elementor-widget-image\" data-id=\"04b669b\" data-element_type=\"widget\" data-e-type=\"widget\" data-widget_type=\"image.default\">\n\t\t\t\t\t\t\t\t\t\t\t\t\t\t\t<img fetchpriority=\"high\" decoding=\"async\" width=\"1500\" height=\"650\" src=\"https:\/\/eveready.com\/eu\/italy\/wp-content\/uploads\/sites\/10\/2026\/03\/EVR_BALL_ITALY.jpg\" class=\"attachment-full size-full wp-image-5664\" alt=\"\" srcset=\"https:\/\/eveready.com\/eu\/italy\/wp-content\/uploads\/sites\/10\/2026\/03\/EVR_BALL_ITALY.jpg 1500w, https:\/\/eveready.com\/eu\/italy\/wp-content\/uploads\/sites\/10\/2026\/03\/EVR_BALL_ITALY-300x130.jpg 300w, https:\/\/eveready.com\/eu\/italy\/wp-content\/uploads\/sites\/10\/2026\/03\/EVR_BALL_ITALY-1024x444.jpg 1024w, https:\/\/eveready.com\/eu\/italy\/wp-content\/uploads\/sites\/10\/2026\/03\/EVR_BALL_ITALY-150x65.jpg 150w, https:\/\/eveready.com\/eu\/italy\/wp-content\/uploads\/sites\/10\/2026\/03\/EVR_BALL_ITALY-768x333.jpg 768w, https:\/\/eveready.com\/eu\/italy\/wp-content\/uploads\/sites\/10\/2026\/03\/EVR_BALL_ITALY-600x260.jpg 600w\" sizes=\"(max-width: 1500px) 100vw, 1500px\" \/>\t\t\t\t\t\t\t\t\t\t\t\t\t\t\t<\/div>\n\t\t<div class=\"elementor-element elementor-element-36f234d e-con-full elementor-hidden-desktop elementor-hidden-tablet elementor-hidden-mobile e-flex e-con e-child\" data-id=\"36f234d\" data-element_type=\"container\" data-e-type=\"container\">\n\t\t\t\t<div class=\"elementor-element elementor-element-ca79abf yellow-heading elementor-widget elementor-widget-heading\" data-id=\"ca79abf\" data-element_type=\"widget\" data-e-type=\"widget\" data-widget_type=\"heading.default\">\n\t\t\t\t\t<h2 class=\"elementor-heading-title elementor-size-default\">Brand <\/h2>\t\t\t\t<\/div>\n\t\t\t\t<div class=\"elementor-element elementor-element-a0a632b elementor-widget-divider--view-line elementor-widget elementor-widget-divider\" data-id=\"a0a632b\" data-element_type=\"widget\" data-e-type=\"widget\" data-widget_type=\"divider.default\">\n\t\t\t\t\t\t\t<div class=\"elementor-divider\">\n\t\t\t<span class=\"elementor-divider-separator\">\n\t\t\t\t\t\t<\/span>\n\t\t<\/div>\n\t\t\t\t\t\t<\/div>\n\t\t\t\t<div class=\"elementor-element elementor-element-937855f white-heading elementor-widget elementor-widget-heading\" data-id=\"937855f\" data-element_type=\"widget\" data-e-type=\"widget\" data-widget_type=\"heading.default\">\n\t\t\t\t\t<h2 class=\"elementor-heading-title elementor-size-default\">Ambassador<\/h2>\t\t\t\t<\/div>\n\t\t\t\t<\/div>\n\t\t\t\t<\/div>\n\t\t\t\t\t<\/div>\n\t\t\t\t<\/div>\n\t\t<div class=\"elementor-element elementor-element-dd299eb e-flex e-con-boxed e-con e-parent\" data-id=\"dd299eb\" data-element_type=\"container\" data-e-type=\"container\">\n\t\t\t\t\t<div class=\"e-con-inner\">\n\t\t\t\t<div class=\"elementor-element elementor-element-40e13dc elementor-widget elementor-widget-heading\" data-id=\"40e13dc\" data-element_type=\"widget\" data-e-type=\"widget\" data-widget_type=\"heading.default\">\n\t\t\t\t\t<h2 class=\"elementor-heading-title elementor-size-default\">EVEREADY\u00ae ANNUNCIA HARRY KANE COME AMBASCIATORE GLOBALE DEL MARCHIO\n<\/h2>\t\t\t\t<\/div>\n\t\t\t\t<div class=\"elementor-element elementor-element-a999626 elementor-widget__width-initial elementor-widget elementor-widget-text-editor\" data-id=\"a999626\" data-element_type=\"widget\" data-e-type=\"widget\" data-widget_type=\"text-editor.default\">\n\t\t\t\t\t\t\t\t\t<p><em>La partnership con la stella del calcio internazionale e padre di famiglia fa parte di un pi\u00f9 ampio sforzo di marketing internazionale per espandere la presenza del marchio in tutto il mondo.<\/em><\/p>\t\t\t\t\t\t\t\t<\/div>\n\t\t\t\t<div class=\"elementor-element elementor-element-4725235 elementor-widget elementor-widget-text-editor\" data-id=\"4725235\" data-element_type=\"widget\" data-e-type=\"widget\" data-widget_type=\"text-editor.default\">\n\t\t\t\t\t\t\t\t\t<p>ST. LOUIS, MISSOURI \u2013 1 OTTOBRE 2025 \u2013 EVEREADY\u00ae, marchio leader nel settore delle batterie e dei prodotti per l\u2019illuminazione, ha annunciato Harry Kane, capitano della Nazionale inglese di calcio e attaccante del Bayern Monaco, come suo Ambasciatore Globale del Marchio.<\/p><p>EVEREADY\u00ae \u00e8 il marchio di cui le persone si fidano per prodotti di qualit\u00e0 a un prezzo conveniente, poich\u00e9 illumina, protegge, intrattiene e si prende cura delle famiglie. In quanto marchio noto e rispettato in tutto il mondo, EVEREADY\u00ae \u00e8 entusiasta di collaborare con Harry proprio mentre accelera i propri sforzi per rendere l&#8217;energia accessibile su scala globale.<\/p><p>Attraverso questa partnership pluriennale, Harry sar\u00e0 protagonista delle campagne di marketing internazionali di EVEREADY\u00ae, veicolate su molteplici canali quali social media, piattaforme digitali, e-commerce, pubblicit\u00e0 esterna ed esposizioni all&#8217;interno dei punti vendita.<\/p><p>&#8220;Siamo entusiasti di aver instaurato questa partnership con una vera icona del calcio mondiale e di accogliere Harry Kane come ambasciatore globale del marchio EVEREADY\u00ae&#8221;, ha dichiarato Lori Shambro, Chief Marketing Officer di Energizer\u00ae Holdings. &#8220;La collaborazione con Harry rappresenta una delle numerose iniziative di marketing volte a consentire a EVEREADY\u00ae di entrare in contatto e coinvolgere nuovi consumatori in tutto il mondo, dimostrando come la nostra gamma di prodotti di alta qualit\u00e0 e dal prezzo conveniente possa supportare le famiglie nell\u2019affrontare la vita quotidiana, garantendo l\u2019energia necessaria e, al tempo stesso, il controllo del budget.&#8221;<\/p><p>&#8220;Sono entusiasta e orgoglioso di collaborare con EVEREADY\u00ae&#8221;, ha detto Harry. &#8220;\u00c8 un marchio globale affidabile, noto per essere presente quando conta davvero \u2013 soprattutto nel garantire che tutto funzioni senza intoppi a casa. Non vedo l\u2019ora di collaborare ancora pi\u00f9 da vicino con loro!&#8221;<\/p><p>Harry Kane \u00e8 una superstar del calcio di fama mondiale, capitano della Nazionale inglese e attaccante del Bayern Monaco. \u00c8 il miglior marcatore di tutti i tempi del Tottenham Hotspur e dell\u2019Inghilterra e, nel corso della sua straordinaria carriera, ha conquistato numerosi riconoscimenti, tra cui la Scarpa d\u2019Oro della Premier League, il titolo di capocannoniere della Bundesliga, la Scarpa d\u2019Oro del Mondiale 2018, la Scarpa d\u2019Oro europea e il titolo di campione di Germania. Pi\u00f9 recentemente, \u00e8 diventato il giocatore pi\u00f9 veloce nella storia di uno dei 5 principali campionati europei a raggiungere i cento gol. Un attaccante prolifico e un leader ispiratore, dentro e fuori dal campo.<\/p>\t\t\t\t\t\t\t\t<\/div>\n\t\t\t\t<div class=\"elementor-element elementor-element-5cc70b6 elementor-widget elementor-widget-text-editor\" data-id=\"5cc70b6\" data-element_type=\"widget\" data-e-type=\"widget\" data-widget_type=\"text-editor.default\">\n\t\t\t\t\t\t\t\t\t<p>EVEREADY\u00ae \u00e8 un marchio di Energizer\u00ae Holdings, Inc. Per maggiori informazioni, visita <span style=\"text-decoration: underline;\"><a href=\"https:\/\/eveready.com\/\" target=\"_blank\" rel=\"noopener\">Eveready.com<\/a><\/span>.<\/p>\t\t\t\t\t\t\t\t<\/div>\n\t\t\t\t<div class=\"elementor-element elementor-element-33b9865 elementor-widget elementor-widget-text-editor\" data-id=\"33b9865\" data-element_type=\"widget\" data-e-type=\"widget\" data-widget_type=\"text-editor.default\">\n\t\t\t\t\t\t\t\t\t<p>Per qualsiasi domanda, contatta il portavoce di Energizer\u00ae Holdings John Leiby all\u2019indirizzo <a href=\"mailto:John.Leiby@Energizer.com\">John.Leiby@Energizer.com<\/a> o scrivi a \u00a0<span style=\"text-decoration: underline;\"><a href=\"mailto:Media@Energizer.com\">Media@Energizer.com<\/a><\/span>.<\/p>\t\t\t\t\t\t\t\t<\/div>\n\t\t\t\t<div class=\"elementor-element elementor-element-ff3db52 elementor-widget elementor-widget-heading\" data-id=\"ff3db52\" data-element_type=\"widget\" data-e-type=\"widget\" data-widget_type=\"heading.default\">\n\t\t\t\t\t<h3 class=\"elementor-heading-title elementor-size-default\">INFORMAZIONI SU Energizer\u00ae HOLDINGS\n<\/h3>\t\t\t\t<\/div>\n\t\t\t\t<div class=\"elementor-element elementor-element-b6260cf elementor-widget elementor-widget-text-editor\" data-id=\"b6260cf\" data-element_type=\"widget\" data-e-type=\"widget\" data-widget_type=\"text-editor.default\">\n\t\t\t\t\t\t\t\t\t<p>Energizer\u00ae Holdings, con sede a St. Louis, Missouri (USA), \u00e8 uno dei maggiori produttori mondiali di batterie primarie e prodotti per l\u2019illuminazione portatile, forte dei suoi marchi riconosciuti a livello globale: Energizer, Eveready, Rayovac e Varta. Energizer\u00ae Holdings \u00e8 inoltre leader nella progettazione e commercializzazione di prodotti per la profumazione e la cura dell\u2019auto, con marchi di successo quali A\/C Pro, Armor All, Bahama &amp; Co., California Scents, Driven, Eagle One, LEXOL, Nu Finish, Refresh Your Car! e STP.<\/p><p>In qualit\u00e0 di distributore globale di prodotti di consumo di marca, la nostra missione \u00e8 essere leader nelle nostre categorie, servendo al meglio consumatori e clienti.<\/p>\t\t\t\t\t\t\t\t<\/div>\n\t\t\t\t\t<\/div>\n\t\t\t\t<\/div>\n\t\t\t\t<\/div>\n\t\t","protected":false},"excerpt":{"rendered":"<p>Brand Ambassador EVEREADY\u00ae ANNUNCIA HARRY KANE COME AMBASCIATORE GLOBALE DEL MARCHIO La partnership con la stella del calcio internazionale e padre di famiglia fa parte di un pi\u00f9 ampio sforzo di marketing internazionale per espandere la presenza del marchio in tutto il mondo. ST. LOUIS, MISSOURI \u2013 1 OTTOBRE 2025 \u2013 EVEREADY\u00ae, marchio leader nel [&hellip;]<\/p>\n","protected":false},"author":4,"featured_media":0,"parent":0,"menu_order":0,"comment_status":"closed","ping_status":"closed","template":"","meta":{"_acf_changed":false,"footnotes":""},"class_list":["post-3667","page","type-page","status-publish","hentry"],"yoast_head":"<!-- This site is optimized with the Yoast SEO plugin v27.4 - https:\/\/yoast.com\/product\/yoast-seo-wordpress\/ -->\n<title>Ambasciatore del Marchio - Eveready Italy<\/title>\n<meta name=\"robots\" content=\"index, follow, max-snippet:-1, max-image-preview:large, max-video-preview:-1\" \/>\n<link rel=\"canonical\" href=\"https:\/\/eveready.com\/eu\/italy\/brand-ambassador\/\" \/>\n<meta property=\"og:locale\" content=\"en_US\" \/>\n<meta property=\"og:type\" content=\"article\" \/>\n<meta property=\"og:title\" content=\"Ambasciatore del Marchio - Eveready Italy\" \/>\n<meta property=\"og:description\" content=\"Brand Ambassador EVEREADY\u00ae ANNUNCIA HARRY KANE COME AMBASCIATORE GLOBALE DEL MARCHIO La partnership con la stella del calcio internazionale e padre di famiglia fa parte di un pi\u00f9 ampio sforzo di marketing internazionale per espandere la presenza del marchio in tutto il mondo. ST. LOUIS, MISSOURI \u2013 1 OTTOBRE 2025 \u2013 EVEREADY\u00ae, marchio leader nel [&hellip;]\" \/>\n<meta property=\"og:url\" content=\"https:\/\/eveready.com\/eu\/italy\/brand-ambassador\/\" \/>\n<meta property=\"og:site_name\" content=\"Eveready Italy\" \/>\n<meta property=\"article:modified_time\" content=\"2026-03-31T06:35:04+00:00\" \/>\n<meta property=\"og:image\" content=\"https:\/\/eveready.com\/eu\/italy\/wp-content\/uploads\/sites\/10\/2026\/03\/EVR_BALL_ITALY.jpg\" \/>\n\t<meta property=\"og:image:width\" content=\"1500\" \/>\n\t<meta property=\"og:image:height\" content=\"650\" \/>\n\t<meta property=\"og:image:type\" content=\"image\/jpeg\" \/>\n<meta name=\"twitter:card\" content=\"summary_large_image\" \/>\n<script type=\"application\/ld+json\" class=\"yoast-schema-graph\">{\"@context\":\"https:\\\/\\\/schema.org\",\"@graph\":[{\"@type\":\"WebPage\",\"@id\":\"https:\\\/\\\/eveready.com\\\/eu\\\/italy\\\/brand-ambassador\\\/\",\"url\":\"https:\\\/\\\/eveready.com\\\/eu\\\/italy\\\/brand-ambassador\\\/\",\"name\":\"Ambasciatore del Marchio - Eveready Italy\",\"isPartOf\":{\"@id\":\"https:\\\/\\\/eveready.com\\\/eu\\\/italy\\\/#website\"},\"primaryImageOfPage\":{\"@id\":\"https:\\\/\\\/eveready.com\\\/eu\\\/italy\\\/brand-ambassador\\\/#primaryimage\"},\"image\":{\"@id\":\"https:\\\/\\\/eveready.com\\\/eu\\\/italy\\\/brand-ambassador\\\/#primaryimage\"},\"thumbnailUrl\":\"https:\\\/\\\/eveready.com\\\/eu\\\/italy\\\/wp-content\\\/uploads\\\/sites\\\/10\\\/2026\\\/03\\\/EVR_BALL_ITALY.jpg\",\"datePublished\":\"2025-09-26T06:16:05+00:00\",\"dateModified\":\"2026-03-31T06:35:04+00:00\",\"breadcrumb\":{\"@id\":\"https:\\\/\\\/eveready.com\\\/eu\\\/italy\\\/brand-ambassador\\\/#breadcrumb\"},\"inLanguage\":\"en-US\",\"potentialAction\":[{\"@type\":\"ReadAction\",\"target\":[\"https:\\\/\\\/eveready.com\\\/eu\\\/italy\\\/brand-ambassador\\\/\"]}]},{\"@type\":\"ImageObject\",\"inLanguage\":\"en-US\",\"@id\":\"https:\\\/\\\/eveready.com\\\/eu\\\/italy\\\/brand-ambassador\\\/#primaryimage\",\"url\":\"https:\\\/\\\/eveready.com\\\/eu\\\/italy\\\/wp-content\\\/uploads\\\/sites\\\/10\\\/2026\\\/03\\\/EVR_BALL_ITALY.jpg\",\"contentUrl\":\"https:\\\/\\\/eveready.com\\\/eu\\\/italy\\\/wp-content\\\/uploads\\\/sites\\\/10\\\/2026\\\/03\\\/EVR_BALL_ITALY.jpg\",\"width\":1500,\"height\":650},{\"@type\":\"BreadcrumbList\",\"@id\":\"https:\\\/\\\/eveready.com\\\/eu\\\/italy\\\/brand-ambassador\\\/#breadcrumb\",\"itemListElement\":[{\"@type\":\"ListItem\",\"position\":1,\"name\":\"Home\",\"item\":\"https:\\\/\\\/eveready.com\\\/eu\\\/italy\\\/\"},{\"@type\":\"ListItem\",\"position\":2,\"name\":\"Ambasciatore del Marchio\"}]},{\"@type\":\"WebSite\",\"@id\":\"https:\\\/\\\/eveready.com\\\/eu\\\/italy\\\/#website\",\"url\":\"https:\\\/\\\/eveready.com\\\/eu\\\/italy\\\/\",\"name\":\"Eveready Italy\",\"description\":\"\",\"publisher\":{\"@id\":\"https:\\\/\\\/eveready.com\\\/eu\\\/italy\\\/#organization\"},\"potentialAction\":[{\"@type\":\"SearchAction\",\"target\":{\"@type\":\"EntryPoint\",\"urlTemplate\":\"https:\\\/\\\/eveready.com\\\/eu\\\/italy\\\/?s={search_term_string}\"},\"query-input\":{\"@type\":\"PropertyValueSpecification\",\"valueRequired\":true,\"valueName\":\"search_term_string\"}}],\"inLanguage\":\"en-US\"},{\"@type\":\"Organization\",\"@id\":\"https:\\\/\\\/eveready.com\\\/eu\\\/italy\\\/#organization\",\"name\":\"Eveready Italy\",\"url\":\"https:\\\/\\\/eveready.com\\\/eu\\\/italy\\\/\",\"logo\":{\"@type\":\"ImageObject\",\"inLanguage\":\"en-US\",\"@id\":\"https:\\\/\\\/eveready.com\\\/eu\\\/italy\\\/#\\\/schema\\\/logo\\\/image\\\/\",\"url\":\"https:\\\/\\\/eveready.com\\\/eu\\\/italy\\\/wp-content\\\/uploads\\\/sites\\\/10\\\/2025\\\/08\\\/logo-eveready.png\",\"contentUrl\":\"https:\\\/\\\/eveready.com\\\/eu\\\/italy\\\/wp-content\\\/uploads\\\/sites\\\/10\\\/2025\\\/08\\\/logo-eveready.png\",\"width\":855,\"height\":220,\"caption\":\"Eveready Italy\"},\"image\":{\"@id\":\"https:\\\/\\\/eveready.com\\\/eu\\\/italy\\\/#\\\/schema\\\/logo\\\/image\\\/\"}}]}<\/script>\n<!-- \/ Yoast SEO plugin. -->","yoast_head_json":{"title":"Ambasciatore del Marchio - Eveready Italy","robots":{"index":"index","follow":"follow","max-snippet":"max-snippet:-1","max-image-preview":"max-image-preview:large","max-video-preview":"max-video-preview:-1"},"canonical":"https:\/\/eveready.com\/eu\/italy\/brand-ambassador\/","og_locale":"en_US","og_type":"article","og_title":"Ambasciatore del Marchio - Eveready Italy","og_description":"Brand Ambassador EVEREADY\u00ae ANNUNCIA HARRY KANE COME AMBASCIATORE GLOBALE DEL MARCHIO La partnership con la stella del calcio internazionale e padre di famiglia fa parte di un pi\u00f9 ampio sforzo di marketing internazionale per espandere la presenza del marchio in tutto il mondo. ST. LOUIS, MISSOURI \u2013 1 OTTOBRE 2025 \u2013 EVEREADY\u00ae, marchio leader nel [&hellip;]","og_url":"https:\/\/eveready.com\/eu\/italy\/brand-ambassador\/","og_site_name":"Eveready Italy","article_modified_time":"2026-03-31T06:35:04+00:00","og_image":[{"width":1500,"height":650,"url":"https:\/\/eveready.com\/eu\/italy\/wp-content\/uploads\/sites\/10\/2026\/03\/EVR_BALL_ITALY.jpg","type":"image\/jpeg"}],"twitter_card":"summary_large_image","schema":{"@context":"https:\/\/schema.org","@graph":[{"@type":"WebPage","@id":"https:\/\/eveready.com\/eu\/italy\/brand-ambassador\/","url":"https:\/\/eveready.com\/eu\/italy\/brand-ambassador\/","name":"Ambasciatore del Marchio - Eveready Italy","isPartOf":{"@id":"https:\/\/eveready.com\/eu\/italy\/#website"},"primaryImageOfPage":{"@id":"https:\/\/eveready.com\/eu\/italy\/brand-ambassador\/#primaryimage"},"image":{"@id":"https:\/\/eveready.com\/eu\/italy\/brand-ambassador\/#primaryimage"},"thumbnailUrl":"https:\/\/eveready.com\/eu\/italy\/wp-content\/uploads\/sites\/10\/2026\/03\/EVR_BALL_ITALY.jpg","datePublished":"2025-09-26T06:16:05+00:00","dateModified":"2026-03-31T06:35:04+00:00","breadcrumb":{"@id":"https:\/\/eveready.com\/eu\/italy\/brand-ambassador\/#breadcrumb"},"inLanguage":"en-US","potentialAction":[{"@type":"ReadAction","target":["https:\/\/eveready.com\/eu\/italy\/brand-ambassador\/"]}]},{"@type":"ImageObject","inLanguage":"en-US","@id":"https:\/\/eveready.com\/eu\/italy\/brand-ambassador\/#primaryimage","url":"https:\/\/eveready.com\/eu\/italy\/wp-content\/uploads\/sites\/10\/2026\/03\/EVR_BALL_ITALY.jpg","contentUrl":"https:\/\/eveready.com\/eu\/italy\/wp-content\/uploads\/sites\/10\/2026\/03\/EVR_BALL_ITALY.jpg","width":1500,"height":650},{"@type":"BreadcrumbList","@id":"https:\/\/eveready.com\/eu\/italy\/brand-ambassador\/#breadcrumb","itemListElement":[{"@type":"ListItem","position":1,"name":"Home","item":"https:\/\/eveready.com\/eu\/italy\/"},{"@type":"ListItem","position":2,"name":"Ambasciatore del Marchio"}]},{"@type":"WebSite","@id":"https:\/\/eveready.com\/eu\/italy\/#website","url":"https:\/\/eveready.com\/eu\/italy\/","name":"Eveready Italy","description":"","publisher":{"@id":"https:\/\/eveready.com\/eu\/italy\/#organization"},"potentialAction":[{"@type":"SearchAction","target":{"@type":"EntryPoint","urlTemplate":"https:\/\/eveready.com\/eu\/italy\/?s={search_term_string}"},"query-input":{"@type":"PropertyValueSpecification","valueRequired":true,"valueName":"search_term_string"}}],"inLanguage":"en-US"},{"@type":"Organization","@id":"https:\/\/eveready.com\/eu\/italy\/#organization","name":"Eveready Italy","url":"https:\/\/eveready.com\/eu\/italy\/","logo":{"@type":"ImageObject","inLanguage":"en-US","@id":"https:\/\/eveready.com\/eu\/italy\/#\/schema\/logo\/image\/","url":"https:\/\/eveready.com\/eu\/italy\/wp-content\/uploads\/sites\/10\/2025\/08\/logo-eveready.png","contentUrl":"https:\/\/eveready.com\/eu\/italy\/wp-content\/uploads\/sites\/10\/2025\/08\/logo-eveready.png","width":855,"height":220,"caption":"Eveready Italy"},"image":{"@id":"https:\/\/eveready.com\/eu\/italy\/#\/schema\/logo\/image\/"}}]}},"acf":[],"_links":{"self":[{"href":"https:\/\/eveready.com\/eu\/italy\/wp-json\/wp\/v2\/pages\/3667","targetHints":{"allow":["GET"]}}],"collection":[{"href":"https:\/\/eveready.com\/eu\/italy\/wp-json\/wp\/v2\/pages"}],"about":[{"href":"https:\/\/eveready.com\/eu\/italy\/wp-json\/wp\/v2\/types\/page"}],"author":[{"embeddable":true,"href":"https:\/\/eveready.com\/eu\/italy\/wp-json\/wp\/v2\/users\/4"}],"replies":[{"embeddable":true,"href":"https:\/\/eveready.com\/eu\/italy\/wp-json\/wp\/v2\/comments?post=3667"}],"version-history":[{"count":31,"href":"https:\/\/eveready.com\/eu\/italy\/wp-json\/wp\/v2\/pages\/3667\/revisions"}],"predecessor-version":[{"id":5667,"href":"https:\/\/eveready.com\/eu\/italy\/wp-json\/wp\/v2\/pages\/3667\/revisions\/5667"}],"wp:attachment":[{"href":"https:\/\/eveready.com\/eu\/italy\/wp-json\/wp\/v2\/media?parent=3667"}],"curies":[{"name":"wp","href":"https:\/\/api.w.org\/{rel}","templated":true}]}}