{"id":4254,"date":"2025-10-10T03:35:02","date_gmt":"2025-10-10T07:35:02","guid":{"rendered":"https:\/\/eveready.com\/eu\/spain\/?post_type=product&#038;p=4254"},"modified":"2026-03-19T01:57:12","modified_gmt":"2026-03-19T05:57:12","slug":"eveready-gold-9v","status":"publish","type":"product","link":"https:\/\/eveready.com\/eu\/spain\/product\/eveready-gold-9v\/","title":{"rendered":"EVEREADY GOLD\u00ae 9V"},"content":{"rendered":"<p><strong>Caracter\u00edsticas y Ventajas<\/strong><\/p>\n<ul>\n<li>\u00a1Novedad de Energizer\u00ae! \u2013 La marca de pilas n.\u00ba 1 a nivel mundial y europeo*<\/li>\n<li>Confianza y fiabilidad a un precio asequible para familias de todo el mundo y consumidores que buscan ahorrar.<\/li>\n<li>Dura hasta 10 veces m\u00e1s** (AA)<\/li>\n<li>Vida \u00fatil de 10 a\u00f1os en almacenamiento.<\/li>\n<li>Pack de 1.<\/li>\n<li>\u00a1La vida funciona con EVEREADY!<\/li>\n<\/ul>\n<p>*Resumen INTL | Mayo 2022<br \/>\n**Comparado con EVEREADY\u00ae Super Heavy Duty\u2122 seg\u00fan la prueba de servicio ANSI.<\/p>\n","protected":false},"excerpt":{"rendered":"<p>Eveready Gold\u00ae es una pila alcalina, uno de los sistemas qu\u00edmicos m\u00e1s utilizados en dispositivos dom\u00e9sticos. La l\u00ednea \u00abGold\u00bb de Eveready\u00ae est\u00e1 dise\u00f1ada para ofrecer una energ\u00eda fiable a un precio asequible. Est\u00e1n disponibles en una amplia gama de tama\u00f1os (AA, AAA, C, D y 9V), lo que las hace compatibles con una gran variedad de aparatos. La serie Gold\u00ae de Eveready\u00ae es conocida por su rendimiento constante y duradero, lo que la convierte en la opci\u00f3n ideal para el d\u00eda a d\u00eda en juguetes, relojes, linternas y mandos a distancia. Ofrecen un equilibrio excelente entre precio y potencia: una opci\u00f3n muy atractiva para los consumidores que buscan ahorrar sin renunciar a la calidad.<\/p>\n<p>Caracter\u00edsticas claves de las pilas Eveready Gold\u00ae:<br \/>\nEnerg\u00eda asequible: El mayor atractivo de las pilas Eveready Gold\u00ae es su precio competitivo. Los usuarios disfrutan de una energ\u00eda fiable sin realizar un gran desembolso, algo fundamental para los hogares que necesitan un suministro constante de pilas.<br \/>\nLarga duraci\u00f3n: Las pilas Eveready Gold\u00ae est\u00e1n dise\u00f1adas para durar hasta 10 veces m\u00e1s que las de zinc-carb\u00f3n est\u00e1ndar****, prolongando el tiempo de uso en diversos dispositivos. Adem\u00e1s, \u00a1se mantienen listas para usar hasta 10 a\u00f1os!***** Esto las convierte en una opci\u00f3n excelente tanto para juguetes como para aparatos electr\u00f3nicos port\u00e1tiles.<br \/>\nRendimiento fiable: Estas pilas ofrecen un rendimiento estable durante toda su vida \u00fatil. Ya sea en dispositivos de bajo consumo, como mandos a distancia o relojes, o en aparatos de mayor exigencia, como linternas o reproductores de m\u00fasica, las pilas Eveready Gold\u00ae proporcionan una energ\u00eda en la que se puede confiar.<\/p>\n<p>Eveready Gold\u00ae es sin\u00f3nimo de ahorro, potencia duradera y una s\u00f3lida reputaci\u00f3n de rendimiento. Ante la creciente demanda de soluciones energ\u00e9ticas econ\u00f3micas y seguras, las pilas Eveready Gold\u00ae se mantienen como una opci\u00f3n de referencia para quienes buscan soluciones pr\u00e1cticas que no fallen. La trayectoria de Eveready\u00ae, desde sus inicios como una peque\u00f1a empresa estadounidense hasta su liderazgo mundial, es un testimonio de confianza, innovaci\u00f3n e ingenio comercial. Eveready\u00ae sigue evolucionando con los tiempos, fiel a su compromiso de ofrecer la energ\u00eda fiable y sostenible que la ha convertido en un nombre imprescindible en los hogares de todo el mundo. \u00a1Pru\u00e9balas ahora, porque la vida funciona con Eveready!<\/p>\n<p>** Basado en su historia desde 1896.<br \/>\n*** Datos de ventas hasta 06\/2023: Filipinas, Malasia, Egipto, Australia, Nueva Zelanda.<br \/>\n**** Tama\u00f1o AA, frente a EVEREADY\u00ae Super Heavy Duty\u2122 seg\u00fan la prueba de servicio ANSI. Solo para comunicaciones en AP, MEA, EU y NA.<br \/>\n***** Tama\u00f1os AA, AAA, C, D, en almacenamiento.<\/p>\n","protected":false},"featured_media":4251,"comment_status":"open","ping_status":"closed","template":"","meta":{"_acf_changed":false},"product_brand":[],"product_cat":[36,37],"product_tag":[],"class_list":{"0":"post-4254","1":"product","2":"type-product","3":"status-publish","4":"has-post-thumbnail","6":"product_cat-batteries","7":"product_cat-eveready-gold","9":"first","10":"instock","11":"shipping-taxable","12":"product-type-simple"},"yoast_head":"<!-- This site is optimized with the Yoast SEO plugin v27.4 - https:\/\/yoast.com\/product\/yoast-seo-wordpress\/ -->\n<title>EVEREADY GOLD\u00ae 9V - Eveready Spain<\/title>\n<meta name=\"robots\" content=\"index, follow, max-snippet:-1, max-image-preview:large, max-video-preview:-1\" \/>\n<link rel=\"canonical\" href=\"https:\/\/eveready.com\/eu\/spain\/product\/eveready-gold-9v\/\" \/>\n<meta property=\"og:locale\" content=\"en_US\" \/>\n<meta property=\"og:type\" content=\"article\" \/>\n<meta property=\"og:title\" content=\"EVEREADY GOLD\u00ae 9V - Eveready Spain\" \/>\n<meta property=\"og:description\" content=\"Eveready Gold\u00ae es una pila alcalina, uno de los sistemas qu\u00edmicos m\u00e1s utilizados en dispositivos dom\u00e9sticos. La l\u00ednea \u00abGold\u00bb de Eveready\u00ae est\u00e1 dise\u00f1ada para ofrecer una energ\u00eda fiable a un precio asequible. Est\u00e1n disponibles en una amplia gama de tama\u00f1os (AA, AAA, C, D y 9V), lo que las hace compatibles con una gran variedad de aparatos. La serie Gold\u00ae de Eveready\u00ae es conocida por su rendimiento constante y duradero, lo que la convierte en la opci\u00f3n ideal para el d\u00eda a d\u00eda en juguetes, relojes, linternas y mandos a distancia. Ofrecen un equilibrio excelente entre precio y potencia: una opci\u00f3n muy atractiva para los consumidores que buscan ahorrar sin renunciar a la calidad.  Caracter\u00edsticas claves de las pilas Eveready Gold\u00ae: Energ\u00eda asequible: El mayor atractivo de las pilas Eveready Gold\u00ae es su precio competitivo. Los usuarios disfrutan de una energ\u00eda fiable sin realizar un gran desembolso, algo fundamental para los hogares que necesitan un suministro constante de pilas. Larga duraci\u00f3n: Las pilas Eveready Gold\u00ae est\u00e1n dise\u00f1adas para durar hasta 10 veces m\u00e1s que las de zinc-carb\u00f3n est\u00e1ndar****, prolongando el tiempo de uso en diversos dispositivos. Adem\u00e1s, \u00a1se mantienen listas para usar hasta 10 a\u00f1os!***** Esto las convierte en una opci\u00f3n excelente tanto para juguetes como para aparatos electr\u00f3nicos port\u00e1tiles. Rendimiento fiable: Estas pilas ofrecen un rendimiento estable durante toda su vida \u00fatil. Ya sea en dispositivos de bajo consumo, como mandos a distancia o relojes, o en aparatos de mayor exigencia, como linternas o reproductores de m\u00fasica, las pilas Eveready Gold\u00ae proporcionan una energ\u00eda en la que se puede confiar.  Eveready Gold\u00ae es sin\u00f3nimo de ahorro, potencia duradera y una s\u00f3lida reputaci\u00f3n de rendimiento. Ante la creciente demanda de soluciones energ\u00e9ticas econ\u00f3micas y seguras, las pilas Eveready Gold\u00ae se mantienen como una opci\u00f3n de referencia para quienes buscan soluciones pr\u00e1cticas que no fallen. La trayectoria de Eveready\u00ae, desde sus inicios como una peque\u00f1a empresa estadounidense hasta su liderazgo mundial, es un testimonio de confianza, innovaci\u00f3n e ingenio comercial. Eveready\u00ae sigue evolucionando con los tiempos, fiel a su compromiso de ofrecer la energ\u00eda fiable y sostenible que la ha convertido en un nombre imprescindible en los hogares de todo el mundo. \u00a1Pru\u00e9balas ahora, porque la vida funciona con Eveready!  ** Basado en su historia desde 1896. *** Datos de ventas hasta 06\/2023: Filipinas, Malasia, Egipto, Australia, Nueva Zelanda. **** Tama\u00f1o AA, frente a EVEREADY\u00ae Super Heavy Duty\u2122 seg\u00fan la prueba de servicio ANSI. Solo para comunicaciones en AP, MEA, EU y NA. ***** Tama\u00f1os AA, AAA, C, D, en almacenamiento.\" \/>\n<meta property=\"og:url\" content=\"https:\/\/eveready.com\/eu\/spain\/product\/eveready-gold-9v\/\" \/>\n<meta property=\"og:site_name\" content=\"Eveready Spain\" \/>\n<meta property=\"article:modified_time\" content=\"2026-03-19T05:57:12+00:00\" \/>\n<meta property=\"og:image\" content=\"https:\/\/eveready.com\/eu\/spain\/wp-content\/uploads\/sites\/13\/2025\/10\/Eveready-Gold\u00ae-D.png\" \/>\n\t<meta property=\"og:image:width\" content=\"800\" \/>\n\t<meta property=\"og:image:height\" content=\"800\" \/>\n\t<meta property=\"og:image:type\" content=\"image\/png\" \/>\n<meta name=\"twitter:card\" content=\"summary_large_image\" \/>\n<script type=\"application\/ld+json\" class=\"yoast-schema-graph\">{\"@context\":\"https:\\\/\\\/schema.org\",\"@graph\":[{\"@type\":\"WebPage\",\"@id\":\"https:\\\/\\\/eveready.com\\\/eu\\\/spain\\\/product\\\/eveready-gold-9v\\\/\",\"url\":\"https:\\\/\\\/eveready.com\\\/eu\\\/spain\\\/product\\\/eveready-gold-9v\\\/\",\"name\":\"EVEREADY GOLD\u00ae 9V - Eveready Spain\",\"isPartOf\":{\"@id\":\"https:\\\/\\\/eveready.com\\\/eu\\\/spain\\\/#website\"},\"primaryImageOfPage\":{\"@id\":\"https:\\\/\\\/eveready.com\\\/eu\\\/spain\\\/product\\\/eveready-gold-9v\\\/#primaryimage\"},\"image\":{\"@id\":\"https:\\\/\\\/eveready.com\\\/eu\\\/spain\\\/product\\\/eveready-gold-9v\\\/#primaryimage\"},\"thumbnailUrl\":\"https:\\\/\\\/eveready.com\\\/eu\\\/spain\\\/wp-content\\\/uploads\\\/sites\\\/13\\\/2025\\\/10\\\/Eveready-Gold\u00ae-D.png\",\"datePublished\":\"2025-10-10T07:35:02+00:00\",\"dateModified\":\"2026-03-19T05:57:12+00:00\",\"breadcrumb\":{\"@id\":\"https:\\\/\\\/eveready.com\\\/eu\\\/spain\\\/product\\\/eveready-gold-9v\\\/#breadcrumb\"},\"inLanguage\":\"en-US\",\"potentialAction\":[{\"@type\":\"ReadAction\",\"target\":[\"https:\\\/\\\/eveready.com\\\/eu\\\/spain\\\/product\\\/eveready-gold-9v\\\/\"]}]},{\"@type\":\"ImageObject\",\"inLanguage\":\"en-US\",\"@id\":\"https:\\\/\\\/eveready.com\\\/eu\\\/spain\\\/product\\\/eveready-gold-9v\\\/#primaryimage\",\"url\":\"https:\\\/\\\/eveready.com\\\/eu\\\/spain\\\/wp-content\\\/uploads\\\/sites\\\/13\\\/2025\\\/10\\\/Eveready-Gold\u00ae-D.png\",\"contentUrl\":\"https:\\\/\\\/eveready.com\\\/eu\\\/spain\\\/wp-content\\\/uploads\\\/sites\\\/13\\\/2025\\\/10\\\/Eveready-Gold\u00ae-D.png\",\"width\":800,\"height\":800},{\"@type\":\"BreadcrumbList\",\"@id\":\"https:\\\/\\\/eveready.com\\\/eu\\\/spain\\\/product\\\/eveready-gold-9v\\\/#breadcrumb\",\"itemListElement\":[{\"@type\":\"ListItem\",\"position\":1,\"name\":\"Home\",\"item\":\"https:\\\/\\\/eveready.com\\\/eu\\\/spain\\\/\"},{\"@type\":\"ListItem\",\"position\":2,\"name\":\"Products\",\"item\":\"https:\\\/\\\/eveready.com\\\/eu\\\/spain\\\/shop\\\/\"},{\"@type\":\"ListItem\",\"position\":3,\"name\":\"EVEREADY GOLD\u00ae 9V\"}]},{\"@type\":\"WebSite\",\"@id\":\"https:\\\/\\\/eveready.com\\\/eu\\\/spain\\\/#website\",\"url\":\"https:\\\/\\\/eveready.com\\\/eu\\\/spain\\\/\",\"name\":\"Eveready Spain\",\"description\":\"\",\"publisher\":{\"@id\":\"https:\\\/\\\/eveready.com\\\/eu\\\/spain\\\/#organization\"},\"potentialAction\":[{\"@type\":\"SearchAction\",\"target\":{\"@type\":\"EntryPoint\",\"urlTemplate\":\"https:\\\/\\\/eveready.com\\\/eu\\\/spain\\\/?s={search_term_string}\"},\"query-input\":{\"@type\":\"PropertyValueSpecification\",\"valueRequired\":true,\"valueName\":\"search_term_string\"}}],\"inLanguage\":\"en-US\"},{\"@type\":\"Organization\",\"@id\":\"https:\\\/\\\/eveready.com\\\/eu\\\/spain\\\/#organization\",\"name\":\"Eveready Spain\",\"url\":\"https:\\\/\\\/eveready.com\\\/eu\\\/spain\\\/\",\"logo\":{\"@type\":\"ImageObject\",\"inLanguage\":\"en-US\",\"@id\":\"https:\\\/\\\/eveready.com\\\/eu\\\/spain\\\/#\\\/schema\\\/logo\\\/image\\\/\",\"url\":\"https:\\\/\\\/eveready.com\\\/eu\\\/spain\\\/wp-content\\\/uploads\\\/sites\\\/13\\\/2025\\\/08\\\/logo-eveready.png\",\"contentUrl\":\"https:\\\/\\\/eveready.com\\\/eu\\\/spain\\\/wp-content\\\/uploads\\\/sites\\\/13\\\/2025\\\/08\\\/logo-eveready.png\",\"width\":855,\"height\":220,\"caption\":\"Eveready Spain\"},\"image\":{\"@id\":\"https:\\\/\\\/eveready.com\\\/eu\\\/spain\\\/#\\\/schema\\\/logo\\\/image\\\/\"}}]}<\/script>\n<!-- \/ Yoast SEO plugin. -->","yoast_head_json":{"title":"EVEREADY GOLD\u00ae 9V - Eveready Spain","robots":{"index":"index","follow":"follow","max-snippet":"max-snippet:-1","max-image-preview":"max-image-preview:large","max-video-preview":"max-video-preview:-1"},"canonical":"https:\/\/eveready.com\/eu\/spain\/product\/eveready-gold-9v\/","og_locale":"en_US","og_type":"article","og_title":"EVEREADY GOLD\u00ae 9V - Eveready Spain","og_description":"Eveready Gold\u00ae es una pila alcalina, uno de los sistemas qu\u00edmicos m\u00e1s utilizados en dispositivos dom\u00e9sticos. La l\u00ednea \u00abGold\u00bb de Eveready\u00ae est\u00e1 dise\u00f1ada para ofrecer una energ\u00eda fiable a un precio asequible. Est\u00e1n disponibles en una amplia gama de tama\u00f1os (AA, AAA, C, D y 9V), lo que las hace compatibles con una gran variedad de aparatos. La serie Gold\u00ae de Eveready\u00ae es conocida por su rendimiento constante y duradero, lo que la convierte en la opci\u00f3n ideal para el d\u00eda a d\u00eda en juguetes, relojes, linternas y mandos a distancia. Ofrecen un equilibrio excelente entre precio y potencia: una opci\u00f3n muy atractiva para los consumidores que buscan ahorrar sin renunciar a la calidad.  Caracter\u00edsticas claves de las pilas Eveready Gold\u00ae: Energ\u00eda asequible: El mayor atractivo de las pilas Eveready Gold\u00ae es su precio competitivo. Los usuarios disfrutan de una energ\u00eda fiable sin realizar un gran desembolso, algo fundamental para los hogares que necesitan un suministro constante de pilas. Larga duraci\u00f3n: Las pilas Eveready Gold\u00ae est\u00e1n dise\u00f1adas para durar hasta 10 veces m\u00e1s que las de zinc-carb\u00f3n est\u00e1ndar****, prolongando el tiempo de uso en diversos dispositivos. Adem\u00e1s, \u00a1se mantienen listas para usar hasta 10 a\u00f1os!***** Esto las convierte en una opci\u00f3n excelente tanto para juguetes como para aparatos electr\u00f3nicos port\u00e1tiles. Rendimiento fiable: Estas pilas ofrecen un rendimiento estable durante toda su vida \u00fatil. Ya sea en dispositivos de bajo consumo, como mandos a distancia o relojes, o en aparatos de mayor exigencia, como linternas o reproductores de m\u00fasica, las pilas Eveready Gold\u00ae proporcionan una energ\u00eda en la que se puede confiar.  Eveready Gold\u00ae es sin\u00f3nimo de ahorro, potencia duradera y una s\u00f3lida reputaci\u00f3n de rendimiento. Ante la creciente demanda de soluciones energ\u00e9ticas econ\u00f3micas y seguras, las pilas Eveready Gold\u00ae se mantienen como una opci\u00f3n de referencia para quienes buscan soluciones pr\u00e1cticas que no fallen. La trayectoria de Eveready\u00ae, desde sus inicios como una peque\u00f1a empresa estadounidense hasta su liderazgo mundial, es un testimonio de confianza, innovaci\u00f3n e ingenio comercial. Eveready\u00ae sigue evolucionando con los tiempos, fiel a su compromiso de ofrecer la energ\u00eda fiable y sostenible que la ha convertido en un nombre imprescindible en los hogares de todo el mundo. \u00a1Pru\u00e9balas ahora, porque la vida funciona con Eveready!  ** Basado en su historia desde 1896. *** Datos de ventas hasta 06\/2023: Filipinas, Malasia, Egipto, Australia, Nueva Zelanda. **** Tama\u00f1o AA, frente a EVEREADY\u00ae Super Heavy Duty\u2122 seg\u00fan la prueba de servicio ANSI. Solo para comunicaciones en AP, MEA, EU y NA. ***** Tama\u00f1os AA, AAA, C, D, en almacenamiento.","og_url":"https:\/\/eveready.com\/eu\/spain\/product\/eveready-gold-9v\/","og_site_name":"Eveready Spain","article_modified_time":"2026-03-19T05:57:12+00:00","og_image":[{"width":800,"height":800,"url":"https:\/\/eveready.com\/eu\/spain\/wp-content\/uploads\/sites\/13\/2025\/10\/Eveready-Gold\u00ae-D.png","type":"image\/png"}],"twitter_card":"summary_large_image","schema":{"@context":"https:\/\/schema.org","@graph":[{"@type":"WebPage","@id":"https:\/\/eveready.com\/eu\/spain\/product\/eveready-gold-9v\/","url":"https:\/\/eveready.com\/eu\/spain\/product\/eveready-gold-9v\/","name":"EVEREADY GOLD\u00ae 9V - Eveready Spain","isPartOf":{"@id":"https:\/\/eveready.com\/eu\/spain\/#website"},"primaryImageOfPage":{"@id":"https:\/\/eveready.com\/eu\/spain\/product\/eveready-gold-9v\/#primaryimage"},"image":{"@id":"https:\/\/eveready.com\/eu\/spain\/product\/eveready-gold-9v\/#primaryimage"},"thumbnailUrl":"https:\/\/eveready.com\/eu\/spain\/wp-content\/uploads\/sites\/13\/2025\/10\/Eveready-Gold\u00ae-D.png","datePublished":"2025-10-10T07:35:02+00:00","dateModified":"2026-03-19T05:57:12+00:00","breadcrumb":{"@id":"https:\/\/eveready.com\/eu\/spain\/product\/eveready-gold-9v\/#breadcrumb"},"inLanguage":"en-US","potentialAction":[{"@type":"ReadAction","target":["https:\/\/eveready.com\/eu\/spain\/product\/eveready-gold-9v\/"]}]},{"@type":"ImageObject","inLanguage":"en-US","@id":"https:\/\/eveready.com\/eu\/spain\/product\/eveready-gold-9v\/#primaryimage","url":"https:\/\/eveready.com\/eu\/spain\/wp-content\/uploads\/sites\/13\/2025\/10\/Eveready-Gold\u00ae-D.png","contentUrl":"https:\/\/eveready.com\/eu\/spain\/wp-content\/uploads\/sites\/13\/2025\/10\/Eveready-Gold\u00ae-D.png","width":800,"height":800},{"@type":"BreadcrumbList","@id":"https:\/\/eveready.com\/eu\/spain\/product\/eveready-gold-9v\/#breadcrumb","itemListElement":[{"@type":"ListItem","position":1,"name":"Home","item":"https:\/\/eveready.com\/eu\/spain\/"},{"@type":"ListItem","position":2,"name":"Products","item":"https:\/\/eveready.com\/eu\/spain\/shop\/"},{"@type":"ListItem","position":3,"name":"EVEREADY GOLD\u00ae 9V"}]},{"@type":"WebSite","@id":"https:\/\/eveready.com\/eu\/spain\/#website","url":"https:\/\/eveready.com\/eu\/spain\/","name":"Eveready Spain","description":"","publisher":{"@id":"https:\/\/eveready.com\/eu\/spain\/#organization"},"potentialAction":[{"@type":"SearchAction","target":{"@type":"EntryPoint","urlTemplate":"https:\/\/eveready.com\/eu\/spain\/?s={search_term_string}"},"query-input":{"@type":"PropertyValueSpecification","valueRequired":true,"valueName":"search_term_string"}}],"inLanguage":"en-US"},{"@type":"Organization","@id":"https:\/\/eveready.com\/eu\/spain\/#organization","name":"Eveready Spain","url":"https:\/\/eveready.com\/eu\/spain\/","logo":{"@type":"ImageObject","inLanguage":"en-US","@id":"https:\/\/eveready.com\/eu\/spain\/#\/schema\/logo\/image\/","url":"https:\/\/eveready.com\/eu\/spain\/wp-content\/uploads\/sites\/13\/2025\/08\/logo-eveready.png","contentUrl":"https:\/\/eveready.com\/eu\/spain\/wp-content\/uploads\/sites\/13\/2025\/08\/logo-eveready.png","width":855,"height":220,"caption":"Eveready Spain"},"image":{"@id":"https:\/\/eveready.com\/eu\/spain\/#\/schema\/logo\/image\/"}}]}},"acf":[],"_links":{"self":[{"href":"https:\/\/eveready.com\/eu\/spain\/wp-json\/wp\/v2\/product\/4254","targetHints":{"allow":["GET"]}}],"collection":[{"href":"https:\/\/eveready.com\/eu\/spain\/wp-json\/wp\/v2\/product"}],"about":[{"href":"https:\/\/eveready.com\/eu\/spain\/wp-json\/wp\/v2\/types\/product"}],"replies":[{"embeddable":true,"href":"https:\/\/eveready.com\/eu\/spain\/wp-json\/wp\/v2\/comments?post=4254"}],"wp:featuredmedia":[{"embeddable":true,"href":"https:\/\/eveready.com\/eu\/spain\/wp-json\/wp\/v2\/media\/4251"}],"wp:attachment":[{"href":"https:\/\/eveready.com\/eu\/spain\/wp-json\/wp\/v2\/media?parent=4254"}],"wp:term":[{"taxonomy":"product_brand","embeddable":true,"href":"https:\/\/eveready.com\/eu\/spain\/wp-json\/wp\/v2\/product_brand?post=4254"},{"taxonomy":"product_cat","embeddable":true,"href":"https:\/\/eveready.com\/eu\/spain\/wp-json\/wp\/v2\/product_cat?post=4254"},{"taxonomy":"product_tag","embeddable":true,"href":"https:\/\/eveready.com\/eu\/spain\/wp-json\/wp\/v2\/product_tag?post=4254"}],"curies":[{"name":"wp","href":"https:\/\/api.w.org\/{rel}","templated":true}]}}