{"id":4262,"date":"2025-10-10T04:22:29","date_gmt":"2025-10-10T08:22:29","guid":{"rendered":"https:\/\/eveready.com\/eu\/spain\/?post_type=product&#038;p=4262"},"modified":"2026-03-23T00:40:37","modified_gmt":"2026-03-23T04:40:37","slug":"eveready-lithium-cr2032","status":"publish","type":"product","link":"https:\/\/eveready.com\/eu\/spain\/product\/eveready-lithium-cr2032\/","title":{"rendered":"Eveready\u00ae Lithium CR2032"},"content":{"rendered":"<p><strong>Caracter\u00edsticas y Ventajas<\/strong><\/p>\n<ul>\n<li>Novedad de Energizer\u00ae: De los creadores de las pilas AA de m\u00e1s larga duraci\u00f3n del mundo, Energizer\u00ae Ultimate Lithium.<\/li>\n<li>Larga duraci\u00f3n: Cada pila de litio mantiene su carga hasta 10 a\u00f1os en almacenamiento; as\u00ed siempre estar\u00e1n listas cuando las necesites.<\/li>\n<li>Seguridad: Las pilas de bot\u00f3n de litio EVEREADY\u00ae est\u00e1n protegidas por un embalaje de seguridad para ni\u00f1os.<\/li>\n<li>Fiabilidad: Estas pilas de litio EVEREADY\u00ae CR2032 funcionan en temperaturas extremas, soportando desde -30 \u00baC hasta 60 \u00baC.<\/li>\n<li>Potencia de confianza: Ofrece un rendimiento duradero y fiable en dispositivos especiales como puls\u00f3metros, mandos a distancia, sistemas de apertura sin llave, gluc\u00f3metros y b\u00e1sculas.<\/li>\n<li>Pack de 2 pila de bot\u00f3n de litio EVEREADY\u00ae CR2032.<\/li>\n<\/ul>\n","protected":false},"excerpt":{"rendered":"<p>Ten siempre a mano tus pilas de litio CR2032 de Energizer\u00ae para relojes y dispositivos ponibles (wearables), as\u00ed como para mandos de coche, mandos a distancia, sensores de alarma y b\u00e1sculas. Este pack de pilas es tambi\u00e9n la mejor elecci\u00f3n si necesitas una nueva pila para la llave del coche. Cada pila de litio EVEREADY\u00ae CR2032 mantiene su carga hasta 10 a\u00f1os en almacenamiento y puede soportar temperaturas de entre -30 \u00baC y 60 \u00baC: siempre estar\u00e1n listas cuando las necesites. Adem\u00e1s del tama\u00f1o 2032, la gama de pilas especiales de EVEREADY\u00ae incluye los tama\u00f1os 2025 y 2016, para que sea f\u00e1cil encontrar la energ\u00eda fiable que necesitas en el tama\u00f1o adecuado.<\/p>\n","protected":false},"featured_media":4263,"comment_status":"open","ping_status":"closed","template":"","meta":{"_acf_changed":false},"product_brand":[],"product_cat":[36,63],"product_tag":[],"class_list":{"0":"post-4262","1":"product","2":"type-product","3":"status-publish","4":"has-post-thumbnail","6":"product_cat-batteries","7":"product_cat-specialty-batteries","9":"first","10":"instock","11":"shipping-taxable","12":"product-type-simple"},"yoast_head":"<!-- This site is optimized with the Yoast SEO plugin v27.4 - https:\/\/yoast.com\/product\/yoast-seo-wordpress\/ -->\n<title>Eveready\u00ae Lithium CR2032 - Eveready Spain<\/title>\n<meta name=\"robots\" content=\"index, follow, max-snippet:-1, max-image-preview:large, max-video-preview:-1\" \/>\n<link rel=\"canonical\" href=\"https:\/\/eveready.com\/eu\/spain\/product\/eveready-lithium-cr2032\/\" \/>\n<meta property=\"og:locale\" content=\"en_US\" \/>\n<meta property=\"og:type\" content=\"article\" \/>\n<meta property=\"og:title\" content=\"Eveready\u00ae Lithium CR2032 - Eveready Spain\" \/>\n<meta property=\"og:description\" content=\"Ten siempre a mano tus pilas de litio CR2032 de Energizer\u00ae para relojes y dispositivos ponibles (wearables), as\u00ed como para mandos de coche, mandos a distancia, sensores de alarma y b\u00e1sculas. Este pack de pilas es tambi\u00e9n la mejor elecci\u00f3n si necesitas una nueva pila para la llave del coche. Cada pila de litio EVEREADY\u00ae CR2032 mantiene su carga hasta 10 a\u00f1os en almacenamiento y puede soportar temperaturas de entre -30 \u00baC y 60 \u00baC: siempre estar\u00e1n listas cuando las necesites. Adem\u00e1s del tama\u00f1o 2032, la gama de pilas especiales de EVEREADY\u00ae incluye los tama\u00f1os 2025 y 2016, para que sea f\u00e1cil encontrar la energ\u00eda fiable que necesitas en el tama\u00f1o adecuado.\" \/>\n<meta property=\"og:url\" content=\"https:\/\/eveready.com\/eu\/spain\/product\/eveready-lithium-cr2032\/\" \/>\n<meta property=\"og:site_name\" content=\"Eveready Spain\" \/>\n<meta property=\"article:modified_time\" content=\"2026-03-23T04:40:37+00:00\" \/>\n<meta property=\"og:image\" content=\"https:\/\/eveready.com\/eu\/spain\/wp-content\/uploads\/sites\/13\/2025\/10\/Eveready\u00ae-Lithium-CR2032-2.png\" \/>\n\t<meta property=\"og:image:width\" content=\"800\" \/>\n\t<meta property=\"og:image:height\" content=\"800\" \/>\n\t<meta property=\"og:image:type\" content=\"image\/png\" \/>\n<meta name=\"twitter:card\" content=\"summary_large_image\" \/>\n<script type=\"application\/ld+json\" class=\"yoast-schema-graph\">{\"@context\":\"https:\\\/\\\/schema.org\",\"@graph\":[{\"@type\":\"WebPage\",\"@id\":\"https:\\\/\\\/eveready.com\\\/eu\\\/spain\\\/product\\\/eveready-lithium-cr2032\\\/\",\"url\":\"https:\\\/\\\/eveready.com\\\/eu\\\/spain\\\/product\\\/eveready-lithium-cr2032\\\/\",\"name\":\"Eveready\u00ae Lithium CR2032 - Eveready Spain\",\"isPartOf\":{\"@id\":\"https:\\\/\\\/eveready.com\\\/eu\\\/spain\\\/#website\"},\"primaryImageOfPage\":{\"@id\":\"https:\\\/\\\/eveready.com\\\/eu\\\/spain\\\/product\\\/eveready-lithium-cr2032\\\/#primaryimage\"},\"image\":{\"@id\":\"https:\\\/\\\/eveready.com\\\/eu\\\/spain\\\/product\\\/eveready-lithium-cr2032\\\/#primaryimage\"},\"thumbnailUrl\":\"https:\\\/\\\/eveready.com\\\/eu\\\/spain\\\/wp-content\\\/uploads\\\/sites\\\/13\\\/2025\\\/10\\\/Eveready\u00ae-Lithium-CR2032-2.png\",\"datePublished\":\"2025-10-10T08:22:29+00:00\",\"dateModified\":\"2026-03-23T04:40:37+00:00\",\"breadcrumb\":{\"@id\":\"https:\\\/\\\/eveready.com\\\/eu\\\/spain\\\/product\\\/eveready-lithium-cr2032\\\/#breadcrumb\"},\"inLanguage\":\"en-US\",\"potentialAction\":[{\"@type\":\"ReadAction\",\"target\":[\"https:\\\/\\\/eveready.com\\\/eu\\\/spain\\\/product\\\/eveready-lithium-cr2032\\\/\"]}]},{\"@type\":\"ImageObject\",\"inLanguage\":\"en-US\",\"@id\":\"https:\\\/\\\/eveready.com\\\/eu\\\/spain\\\/product\\\/eveready-lithium-cr2032\\\/#primaryimage\",\"url\":\"https:\\\/\\\/eveready.com\\\/eu\\\/spain\\\/wp-content\\\/uploads\\\/sites\\\/13\\\/2025\\\/10\\\/Eveready\u00ae-Lithium-CR2032-2.png\",\"contentUrl\":\"https:\\\/\\\/eveready.com\\\/eu\\\/spain\\\/wp-content\\\/uploads\\\/sites\\\/13\\\/2025\\\/10\\\/Eveready\u00ae-Lithium-CR2032-2.png\",\"width\":800,\"height\":800,\"caption\":\"Eveready\u00ae Lithium CR2032 BP2\"},{\"@type\":\"BreadcrumbList\",\"@id\":\"https:\\\/\\\/eveready.com\\\/eu\\\/spain\\\/product\\\/eveready-lithium-cr2032\\\/#breadcrumb\",\"itemListElement\":[{\"@type\":\"ListItem\",\"position\":1,\"name\":\"Home\",\"item\":\"https:\\\/\\\/eveready.com\\\/eu\\\/spain\\\/\"},{\"@type\":\"ListItem\",\"position\":2,\"name\":\"Products\",\"item\":\"https:\\\/\\\/eveready.com\\\/eu\\\/spain\\\/shop\\\/\"},{\"@type\":\"ListItem\",\"position\":3,\"name\":\"Eveready\u00ae Lithium CR2032\"}]},{\"@type\":\"WebSite\",\"@id\":\"https:\\\/\\\/eveready.com\\\/eu\\\/spain\\\/#website\",\"url\":\"https:\\\/\\\/eveready.com\\\/eu\\\/spain\\\/\",\"name\":\"Eveready Spain\",\"description\":\"\",\"publisher\":{\"@id\":\"https:\\\/\\\/eveready.com\\\/eu\\\/spain\\\/#organization\"},\"potentialAction\":[{\"@type\":\"SearchAction\",\"target\":{\"@type\":\"EntryPoint\",\"urlTemplate\":\"https:\\\/\\\/eveready.com\\\/eu\\\/spain\\\/?s={search_term_string}\"},\"query-input\":{\"@type\":\"PropertyValueSpecification\",\"valueRequired\":true,\"valueName\":\"search_term_string\"}}],\"inLanguage\":\"en-US\"},{\"@type\":\"Organization\",\"@id\":\"https:\\\/\\\/eveready.com\\\/eu\\\/spain\\\/#organization\",\"name\":\"Eveready Spain\",\"url\":\"https:\\\/\\\/eveready.com\\\/eu\\\/spain\\\/\",\"logo\":{\"@type\":\"ImageObject\",\"inLanguage\":\"en-US\",\"@id\":\"https:\\\/\\\/eveready.com\\\/eu\\\/spain\\\/#\\\/schema\\\/logo\\\/image\\\/\",\"url\":\"https:\\\/\\\/eveready.com\\\/eu\\\/spain\\\/wp-content\\\/uploads\\\/sites\\\/13\\\/2025\\\/08\\\/logo-eveready.png\",\"contentUrl\":\"https:\\\/\\\/eveready.com\\\/eu\\\/spain\\\/wp-content\\\/uploads\\\/sites\\\/13\\\/2025\\\/08\\\/logo-eveready.png\",\"width\":855,\"height\":220,\"caption\":\"Eveready Spain\"},\"image\":{\"@id\":\"https:\\\/\\\/eveready.com\\\/eu\\\/spain\\\/#\\\/schema\\\/logo\\\/image\\\/\"}}]}<\/script>\n<!-- \/ Yoast SEO plugin. -->","yoast_head_json":{"title":"Eveready\u00ae Lithium CR2032 - Eveready Spain","robots":{"index":"index","follow":"follow","max-snippet":"max-snippet:-1","max-image-preview":"max-image-preview:large","max-video-preview":"max-video-preview:-1"},"canonical":"https:\/\/eveready.com\/eu\/spain\/product\/eveready-lithium-cr2032\/","og_locale":"en_US","og_type":"article","og_title":"Eveready\u00ae Lithium CR2032 - Eveready Spain","og_description":"Ten siempre a mano tus pilas de litio CR2032 de Energizer\u00ae para relojes y dispositivos ponibles (wearables), as\u00ed como para mandos de coche, mandos a distancia, sensores de alarma y b\u00e1sculas. Este pack de pilas es tambi\u00e9n la mejor elecci\u00f3n si necesitas una nueva pila para la llave del coche. Cada pila de litio EVEREADY\u00ae CR2032 mantiene su carga hasta 10 a\u00f1os en almacenamiento y puede soportar temperaturas de entre -30 \u00baC y 60 \u00baC: siempre estar\u00e1n listas cuando las necesites. Adem\u00e1s del tama\u00f1o 2032, la gama de pilas especiales de EVEREADY\u00ae incluye los tama\u00f1os 2025 y 2016, para que sea f\u00e1cil encontrar la energ\u00eda fiable que necesitas en el tama\u00f1o adecuado.","og_url":"https:\/\/eveready.com\/eu\/spain\/product\/eveready-lithium-cr2032\/","og_site_name":"Eveready Spain","article_modified_time":"2026-03-23T04:40:37+00:00","og_image":[{"width":800,"height":800,"url":"https:\/\/eveready.com\/eu\/spain\/wp-content\/uploads\/sites\/13\/2025\/10\/Eveready\u00ae-Lithium-CR2032-2.png","type":"image\/png"}],"twitter_card":"summary_large_image","schema":{"@context":"https:\/\/schema.org","@graph":[{"@type":"WebPage","@id":"https:\/\/eveready.com\/eu\/spain\/product\/eveready-lithium-cr2032\/","url":"https:\/\/eveready.com\/eu\/spain\/product\/eveready-lithium-cr2032\/","name":"Eveready\u00ae Lithium CR2032 - Eveready Spain","isPartOf":{"@id":"https:\/\/eveready.com\/eu\/spain\/#website"},"primaryImageOfPage":{"@id":"https:\/\/eveready.com\/eu\/spain\/product\/eveready-lithium-cr2032\/#primaryimage"},"image":{"@id":"https:\/\/eveready.com\/eu\/spain\/product\/eveready-lithium-cr2032\/#primaryimage"},"thumbnailUrl":"https:\/\/eveready.com\/eu\/spain\/wp-content\/uploads\/sites\/13\/2025\/10\/Eveready\u00ae-Lithium-CR2032-2.png","datePublished":"2025-10-10T08:22:29+00:00","dateModified":"2026-03-23T04:40:37+00:00","breadcrumb":{"@id":"https:\/\/eveready.com\/eu\/spain\/product\/eveready-lithium-cr2032\/#breadcrumb"},"inLanguage":"en-US","potentialAction":[{"@type":"ReadAction","target":["https:\/\/eveready.com\/eu\/spain\/product\/eveready-lithium-cr2032\/"]}]},{"@type":"ImageObject","inLanguage":"en-US","@id":"https:\/\/eveready.com\/eu\/spain\/product\/eveready-lithium-cr2032\/#primaryimage","url":"https:\/\/eveready.com\/eu\/spain\/wp-content\/uploads\/sites\/13\/2025\/10\/Eveready\u00ae-Lithium-CR2032-2.png","contentUrl":"https:\/\/eveready.com\/eu\/spain\/wp-content\/uploads\/sites\/13\/2025\/10\/Eveready\u00ae-Lithium-CR2032-2.png","width":800,"height":800,"caption":"Eveready\u00ae Lithium CR2032 BP2"},{"@type":"BreadcrumbList","@id":"https:\/\/eveready.com\/eu\/spain\/product\/eveready-lithium-cr2032\/#breadcrumb","itemListElement":[{"@type":"ListItem","position":1,"name":"Home","item":"https:\/\/eveready.com\/eu\/spain\/"},{"@type":"ListItem","position":2,"name":"Products","item":"https:\/\/eveready.com\/eu\/spain\/shop\/"},{"@type":"ListItem","position":3,"name":"Eveready\u00ae Lithium CR2032"}]},{"@type":"WebSite","@id":"https:\/\/eveready.com\/eu\/spain\/#website","url":"https:\/\/eveready.com\/eu\/spain\/","name":"Eveready Spain","description":"","publisher":{"@id":"https:\/\/eveready.com\/eu\/spain\/#organization"},"potentialAction":[{"@type":"SearchAction","target":{"@type":"EntryPoint","urlTemplate":"https:\/\/eveready.com\/eu\/spain\/?s={search_term_string}"},"query-input":{"@type":"PropertyValueSpecification","valueRequired":true,"valueName":"search_term_string"}}],"inLanguage":"en-US"},{"@type":"Organization","@id":"https:\/\/eveready.com\/eu\/spain\/#organization","name":"Eveready Spain","url":"https:\/\/eveready.com\/eu\/spain\/","logo":{"@type":"ImageObject","inLanguage":"en-US","@id":"https:\/\/eveready.com\/eu\/spain\/#\/schema\/logo\/image\/","url":"https:\/\/eveready.com\/eu\/spain\/wp-content\/uploads\/sites\/13\/2025\/08\/logo-eveready.png","contentUrl":"https:\/\/eveready.com\/eu\/spain\/wp-content\/uploads\/sites\/13\/2025\/08\/logo-eveready.png","width":855,"height":220,"caption":"Eveready Spain"},"image":{"@id":"https:\/\/eveready.com\/eu\/spain\/#\/schema\/logo\/image\/"}}]}},"acf":[],"_links":{"self":[{"href":"https:\/\/eveready.com\/eu\/spain\/wp-json\/wp\/v2\/product\/4262","targetHints":{"allow":["GET"]}}],"collection":[{"href":"https:\/\/eveready.com\/eu\/spain\/wp-json\/wp\/v2\/product"}],"about":[{"href":"https:\/\/eveready.com\/eu\/spain\/wp-json\/wp\/v2\/types\/product"}],"replies":[{"embeddable":true,"href":"https:\/\/eveready.com\/eu\/spain\/wp-json\/wp\/v2\/comments?post=4262"}],"wp:featuredmedia":[{"embeddable":true,"href":"https:\/\/eveready.com\/eu\/spain\/wp-json\/wp\/v2\/media\/4263"}],"wp:attachment":[{"href":"https:\/\/eveready.com\/eu\/spain\/wp-json\/wp\/v2\/media?parent=4262"}],"wp:term":[{"taxonomy":"product_brand","embeddable":true,"href":"https:\/\/eveready.com\/eu\/spain\/wp-json\/wp\/v2\/product_brand?post=4262"},{"taxonomy":"product_cat","embeddable":true,"href":"https:\/\/eveready.com\/eu\/spain\/wp-json\/wp\/v2\/product_cat?post=4262"},{"taxonomy":"product_tag","embeddable":true,"href":"https:\/\/eveready.com\/eu\/spain\/wp-json\/wp\/v2\/product_tag?post=4262"}],"curies":[{"name":"wp","href":"https:\/\/api.w.org\/{rel}","templated":true}]}}