{"id":5020,"date":"2026-01-22T03:40:42","date_gmt":"2026-01-22T08:40:42","guid":{"rendered":"https:\/\/eveready.com\/lat\/chile\/?post_type=product&#038;p=5020"},"modified":"2026-02-27T03:44:29","modified_gmt":"2026-02-27T08:44:29","slug":"eveready-recargable-value","status":"publish","type":"product","link":"https:\/\/eveready.com\/lat\/chile\/product\/eveready-recargable-value\/","title":{"rendered":"EVEREADY\u00ae VALUE RECARGABLE"},"content":{"rendered":"<p><strong>Caracter\u00edsticas y Beneficios<\/strong><\/p>\n<ul>\n<li>Una linterna LED h\u00edbrida recargable Eveready, el compa\u00f1ero perfecto para tus necesidades de iluminaci\u00f3n.<\/li>\n<li>Linterna h\u00edbrida recargable con la flexibilidad de funcionar con bater\u00eda de iones de litio recargable o con tres pilas AA, lo que asegura luz confiable siempre que la necesites.<\/li>\n<li>Hasta 5 veces m\u00e1s brillante que la tecnolog\u00eda LED est\u00e1ndar; emite hasta 110 l\u00famenes de luz blanca intensa, con un alcance de hasta 250 m.<\/li>\n<li>Ve y hazte ver con los modos alto, bajo y estrobosc\u00f3pico.<\/li>\n<li>Linterna port\u00e1til con asa ergon\u00f3mica para f\u00e1cil transporte; tambi\u00e9n puede colgarse de un gancho o rama para iluminaci\u00f3n manos libres.<\/li>\n<li>La bater\u00eda de iones de litio recargable dura hasta 22 horas con una sola carga; rec\u00e1rgala f\u00e1cilmente con el cable USB incluido y utiliza el indicador de carga integrado para monitorear el progreso.<\/li>\n<li>\u00dasala como linterna de camping, linterna de emergencia para cortes de energ\u00eda y m\u00e1s.<\/li>\n<\/ul>\n","protected":false},"excerpt":{"rendered":"<p>Ilumina tu camino con confianza y comodidad usando la linterna h\u00edbrida recargable LED Eveready\u00ae, el compa\u00f1ero perfecto para tus necesidades de iluminaci\u00f3n. Esta linterna LED recargable ofrece la flexibilidad de funcionar con bater\u00eda de iones de litio recargable o con tres pilas AA, lo que asegura luz confiable en todo momento. Hasta 5 veces m\u00e1s brillante que la tecnolog\u00eda LED est\u00e1ndar, esta linterna port\u00e1til emite hasta 110 l\u00famenes de luz blanca intensa, con un alcance de hasta 250 m. Ve y hazte ver con los modos alto, bajo y estrobosc\u00f3pico. La bater\u00eda de iones de litio dura hasta 22 horas con una sola carga y se recarga f\u00e1cilmente con el cable USB incluido a trav\u00e9s de un cargador port\u00e1til (power bank), cargador para auto u otra fuente USB. El indicador de carga integrado te avisa cuando la linterna est\u00e1 lista para usarse. Con su tama\u00f1o compacto y asa ergon\u00f3mica, es f\u00e1cil de transportar y puede colgarse para iluminaci\u00f3n manos libres. \u00dasala como linterna de camping, linterna de emergencia para cortes de energ\u00eda y m\u00e1s. Mantente preparado para cualquier situaci\u00f3n con la linterna h\u00edbrida recargable LED Eveready\u00ae.<\/p>\n","protected":false},"featured_media":5024,"comment_status":"open","ping_status":"closed","template":"","meta":{"_acf_changed":false},"product_brand":[],"product_cat":[41],"product_tag":[],"class_list":{"0":"post-5020","1":"product","2":"type-product","3":"status-publish","4":"has-post-thumbnail","6":"product_cat-area-lights","8":"first","9":"instock","10":"shipping-taxable","11":"product-type-simple"},"yoast_head":"<!-- This site is optimized with the Yoast SEO plugin v27.4 - https:\/\/yoast.com\/product\/yoast-seo-wordpress\/ -->\n<title>EVEREADY\u00ae VALUE RECARGABLE - Eveready Chile<\/title>\n<meta name=\"robots\" content=\"index, follow, max-snippet:-1, max-image-preview:large, max-video-preview:-1\" \/>\n<link rel=\"canonical\" href=\"https:\/\/eveready.com\/lat\/chile\/product\/eveready-recargable-value\/\" \/>\n<meta property=\"og:locale\" content=\"en_US\" \/>\n<meta property=\"og:type\" content=\"article\" \/>\n<meta property=\"og:title\" content=\"EVEREADY\u00ae VALUE RECARGABLE - Eveready Chile\" \/>\n<meta property=\"og:description\" content=\"Ilumina tu camino con confianza y comodidad usando la linterna h\u00edbrida recargable LED Eveready\u00ae, el compa\u00f1ero perfecto para tus necesidades de iluminaci\u00f3n. Esta linterna LED recargable ofrece la flexibilidad de funcionar con bater\u00eda de iones de litio recargable o con tres pilas AA, lo que asegura luz confiable en todo momento. Hasta 5 veces m\u00e1s brillante que la tecnolog\u00eda LED est\u00e1ndar, esta linterna port\u00e1til emite hasta 110 l\u00famenes de luz blanca intensa, con un alcance de hasta 250 m. Ve y hazte ver con los modos alto, bajo y estrobosc\u00f3pico. La bater\u00eda de iones de litio dura hasta 22 horas con una sola carga y se recarga f\u00e1cilmente con el cable USB incluido a trav\u00e9s de un cargador port\u00e1til (power bank), cargador para auto u otra fuente USB. El indicador de carga integrado te avisa cuando la linterna est\u00e1 lista para usarse. Con su tama\u00f1o compacto y asa ergon\u00f3mica, es f\u00e1cil de transportar y puede colgarse para iluminaci\u00f3n manos libres. \u00dasala como linterna de camping, linterna de emergencia para cortes de energ\u00eda y m\u00e1s. Mantente preparado para cualquier situaci\u00f3n con la linterna h\u00edbrida recargable LED Eveready\u00ae.\" \/>\n<meta property=\"og:url\" content=\"https:\/\/eveready.com\/lat\/chile\/product\/eveready-recargable-value\/\" \/>\n<meta property=\"og:site_name\" content=\"Eveready Chile\" \/>\n<meta property=\"article:modified_time\" content=\"2026-02-27T08:44:29+00:00\" \/>\n<meta property=\"og:image\" content=\"https:\/\/eveready.com\/lat\/chile\/wp-content\/uploads\/sites\/9\/2026\/01\/Eveready\u00ae-Recargable-Value.png\" \/>\n\t<meta property=\"og:image:width\" content=\"800\" \/>\n\t<meta property=\"og:image:height\" content=\"800\" \/>\n\t<meta property=\"og:image:type\" content=\"image\/png\" \/>\n<meta name=\"twitter:card\" content=\"summary_large_image\" \/>\n<meta name=\"twitter:label1\" content=\"Est. reading time\" \/>\n\t<meta name=\"twitter:data1\" content=\"1 minute\" \/>\n<script type=\"application\/ld+json\" class=\"yoast-schema-graph\">{\"@context\":\"https:\\\/\\\/schema.org\",\"@graph\":[{\"@type\":\"WebPage\",\"@id\":\"https:\\\/\\\/eveready.com\\\/lat\\\/chile\\\/product\\\/eveready-recargable-value\\\/\",\"url\":\"https:\\\/\\\/eveready.com\\\/lat\\\/chile\\\/product\\\/eveready-recargable-value\\\/\",\"name\":\"EVEREADY\u00ae VALUE RECARGABLE - Eveready Chile\",\"isPartOf\":{\"@id\":\"https:\\\/\\\/eveready.com\\\/lat\\\/chile\\\/#website\"},\"primaryImageOfPage\":{\"@id\":\"https:\\\/\\\/eveready.com\\\/lat\\\/chile\\\/product\\\/eveready-recargable-value\\\/#primaryimage\"},\"image\":{\"@id\":\"https:\\\/\\\/eveready.com\\\/lat\\\/chile\\\/product\\\/eveready-recargable-value\\\/#primaryimage\"},\"thumbnailUrl\":\"https:\\\/\\\/eveready.com\\\/lat\\\/chile\\\/wp-content\\\/uploads\\\/sites\\\/9\\\/2026\\\/01\\\/Eveready\u00ae-Recargable-Value.png\",\"datePublished\":\"2026-01-22T08:40:42+00:00\",\"dateModified\":\"2026-02-27T08:44:29+00:00\",\"breadcrumb\":{\"@id\":\"https:\\\/\\\/eveready.com\\\/lat\\\/chile\\\/product\\\/eveready-recargable-value\\\/#breadcrumb\"},\"inLanguage\":\"en-US\",\"potentialAction\":[{\"@type\":\"ReadAction\",\"target\":[\"https:\\\/\\\/eveready.com\\\/lat\\\/chile\\\/product\\\/eveready-recargable-value\\\/\"]}]},{\"@type\":\"ImageObject\",\"inLanguage\":\"en-US\",\"@id\":\"https:\\\/\\\/eveready.com\\\/lat\\\/chile\\\/product\\\/eveready-recargable-value\\\/#primaryimage\",\"url\":\"https:\\\/\\\/eveready.com\\\/lat\\\/chile\\\/wp-content\\\/uploads\\\/sites\\\/9\\\/2026\\\/01\\\/Eveready\u00ae-Recargable-Value.png\",\"contentUrl\":\"https:\\\/\\\/eveready.com\\\/lat\\\/chile\\\/wp-content\\\/uploads\\\/sites\\\/9\\\/2026\\\/01\\\/Eveready\u00ae-Recargable-Value.png\",\"width\":800,\"height\":800},{\"@type\":\"BreadcrumbList\",\"@id\":\"https:\\\/\\\/eveready.com\\\/lat\\\/chile\\\/product\\\/eveready-recargable-value\\\/#breadcrumb\",\"itemListElement\":[{\"@type\":\"ListItem\",\"position\":1,\"name\":\"Home\",\"item\":\"https:\\\/\\\/eveready.com\\\/lat\\\/chile\\\/\"},{\"@type\":\"ListItem\",\"position\":2,\"name\":\"Products\",\"item\":\"https:\\\/\\\/eveready.com\\\/lat\\\/chile\\\/shop\\\/\"},{\"@type\":\"ListItem\",\"position\":3,\"name\":\"EVEREADY\u00ae VALUE RECARGABLE\"}]},{\"@type\":\"WebSite\",\"@id\":\"https:\\\/\\\/eveready.com\\\/lat\\\/chile\\\/#website\",\"url\":\"https:\\\/\\\/eveready.com\\\/lat\\\/chile\\\/\",\"name\":\"Eveready Chile\",\"description\":\"\",\"publisher\":{\"@id\":\"https:\\\/\\\/eveready.com\\\/lat\\\/chile\\\/#organization\"},\"potentialAction\":[{\"@type\":\"SearchAction\",\"target\":{\"@type\":\"EntryPoint\",\"urlTemplate\":\"https:\\\/\\\/eveready.com\\\/lat\\\/chile\\\/?s={search_term_string}\"},\"query-input\":{\"@type\":\"PropertyValueSpecification\",\"valueRequired\":true,\"valueName\":\"search_term_string\"}}],\"inLanguage\":\"en-US\"},{\"@type\":\"Organization\",\"@id\":\"https:\\\/\\\/eveready.com\\\/lat\\\/chile\\\/#organization\",\"name\":\"Eveready Chile\",\"url\":\"https:\\\/\\\/eveready.com\\\/lat\\\/chile\\\/\",\"logo\":{\"@type\":\"ImageObject\",\"inLanguage\":\"en-US\",\"@id\":\"https:\\\/\\\/eveready.com\\\/lat\\\/chile\\\/#\\\/schema\\\/logo\\\/image\\\/\",\"url\":\"https:\\\/\\\/eveready.com\\\/lat\\\/chile\\\/wp-content\\\/uploads\\\/sites\\\/9\\\/2025\\\/08\\\/logo-eveready.png\",\"contentUrl\":\"https:\\\/\\\/eveready.com\\\/lat\\\/chile\\\/wp-content\\\/uploads\\\/sites\\\/9\\\/2025\\\/08\\\/logo-eveready.png\",\"width\":855,\"height\":220,\"caption\":\"Eveready Chile\"},\"image\":{\"@id\":\"https:\\\/\\\/eveready.com\\\/lat\\\/chile\\\/#\\\/schema\\\/logo\\\/image\\\/\"}}]}<\/script>\n<!-- \/ Yoast SEO plugin. -->","yoast_head_json":{"title":"EVEREADY\u00ae VALUE RECARGABLE - Eveready Chile","robots":{"index":"index","follow":"follow","max-snippet":"max-snippet:-1","max-image-preview":"max-image-preview:large","max-video-preview":"max-video-preview:-1"},"canonical":"https:\/\/eveready.com\/lat\/chile\/product\/eveready-recargable-value\/","og_locale":"en_US","og_type":"article","og_title":"EVEREADY\u00ae VALUE RECARGABLE - Eveready Chile","og_description":"Ilumina tu camino con confianza y comodidad usando la linterna h\u00edbrida recargable LED Eveready\u00ae, el compa\u00f1ero perfecto para tus necesidades de iluminaci\u00f3n. Esta linterna LED recargable ofrece la flexibilidad de funcionar con bater\u00eda de iones de litio recargable o con tres pilas AA, lo que asegura luz confiable en todo momento. Hasta 5 veces m\u00e1s brillante que la tecnolog\u00eda LED est\u00e1ndar, esta linterna port\u00e1til emite hasta 110 l\u00famenes de luz blanca intensa, con un alcance de hasta 250 m. Ve y hazte ver con los modos alto, bajo y estrobosc\u00f3pico. La bater\u00eda de iones de litio dura hasta 22 horas con una sola carga y se recarga f\u00e1cilmente con el cable USB incluido a trav\u00e9s de un cargador port\u00e1til (power bank), cargador para auto u otra fuente USB. El indicador de carga integrado te avisa cuando la linterna est\u00e1 lista para usarse. Con su tama\u00f1o compacto y asa ergon\u00f3mica, es f\u00e1cil de transportar y puede colgarse para iluminaci\u00f3n manos libres. \u00dasala como linterna de camping, linterna de emergencia para cortes de energ\u00eda y m\u00e1s. Mantente preparado para cualquier situaci\u00f3n con la linterna h\u00edbrida recargable LED Eveready\u00ae.","og_url":"https:\/\/eveready.com\/lat\/chile\/product\/eveready-recargable-value\/","og_site_name":"Eveready Chile","article_modified_time":"2026-02-27T08:44:29+00:00","og_image":[{"width":800,"height":800,"url":"https:\/\/eveready.com\/lat\/chile\/wp-content\/uploads\/sites\/9\/2026\/01\/Eveready\u00ae-Recargable-Value.png","type":"image\/png"}],"twitter_card":"summary_large_image","twitter_misc":{"Est. reading time":"1 minute"},"schema":{"@context":"https:\/\/schema.org","@graph":[{"@type":"WebPage","@id":"https:\/\/eveready.com\/lat\/chile\/product\/eveready-recargable-value\/","url":"https:\/\/eveready.com\/lat\/chile\/product\/eveready-recargable-value\/","name":"EVEREADY\u00ae VALUE RECARGABLE - Eveready Chile","isPartOf":{"@id":"https:\/\/eveready.com\/lat\/chile\/#website"},"primaryImageOfPage":{"@id":"https:\/\/eveready.com\/lat\/chile\/product\/eveready-recargable-value\/#primaryimage"},"image":{"@id":"https:\/\/eveready.com\/lat\/chile\/product\/eveready-recargable-value\/#primaryimage"},"thumbnailUrl":"https:\/\/eveready.com\/lat\/chile\/wp-content\/uploads\/sites\/9\/2026\/01\/Eveready\u00ae-Recargable-Value.png","datePublished":"2026-01-22T08:40:42+00:00","dateModified":"2026-02-27T08:44:29+00:00","breadcrumb":{"@id":"https:\/\/eveready.com\/lat\/chile\/product\/eveready-recargable-value\/#breadcrumb"},"inLanguage":"en-US","potentialAction":[{"@type":"ReadAction","target":["https:\/\/eveready.com\/lat\/chile\/product\/eveready-recargable-value\/"]}]},{"@type":"ImageObject","inLanguage":"en-US","@id":"https:\/\/eveready.com\/lat\/chile\/product\/eveready-recargable-value\/#primaryimage","url":"https:\/\/eveready.com\/lat\/chile\/wp-content\/uploads\/sites\/9\/2026\/01\/Eveready\u00ae-Recargable-Value.png","contentUrl":"https:\/\/eveready.com\/lat\/chile\/wp-content\/uploads\/sites\/9\/2026\/01\/Eveready\u00ae-Recargable-Value.png","width":800,"height":800},{"@type":"BreadcrumbList","@id":"https:\/\/eveready.com\/lat\/chile\/product\/eveready-recargable-value\/#breadcrumb","itemListElement":[{"@type":"ListItem","position":1,"name":"Home","item":"https:\/\/eveready.com\/lat\/chile\/"},{"@type":"ListItem","position":2,"name":"Products","item":"https:\/\/eveready.com\/lat\/chile\/shop\/"},{"@type":"ListItem","position":3,"name":"EVEREADY\u00ae VALUE RECARGABLE"}]},{"@type":"WebSite","@id":"https:\/\/eveready.com\/lat\/chile\/#website","url":"https:\/\/eveready.com\/lat\/chile\/","name":"Eveready Chile","description":"","publisher":{"@id":"https:\/\/eveready.com\/lat\/chile\/#organization"},"potentialAction":[{"@type":"SearchAction","target":{"@type":"EntryPoint","urlTemplate":"https:\/\/eveready.com\/lat\/chile\/?s={search_term_string}"},"query-input":{"@type":"PropertyValueSpecification","valueRequired":true,"valueName":"search_term_string"}}],"inLanguage":"en-US"},{"@type":"Organization","@id":"https:\/\/eveready.com\/lat\/chile\/#organization","name":"Eveready Chile","url":"https:\/\/eveready.com\/lat\/chile\/","logo":{"@type":"ImageObject","inLanguage":"en-US","@id":"https:\/\/eveready.com\/lat\/chile\/#\/schema\/logo\/image\/","url":"https:\/\/eveready.com\/lat\/chile\/wp-content\/uploads\/sites\/9\/2025\/08\/logo-eveready.png","contentUrl":"https:\/\/eveready.com\/lat\/chile\/wp-content\/uploads\/sites\/9\/2025\/08\/logo-eveready.png","width":855,"height":220,"caption":"Eveready Chile"},"image":{"@id":"https:\/\/eveready.com\/lat\/chile\/#\/schema\/logo\/image\/"}}]}},"acf":[],"_links":{"self":[{"href":"https:\/\/eveready.com\/lat\/chile\/wp-json\/wp\/v2\/product\/5020","targetHints":{"allow":["GET"]}}],"collection":[{"href":"https:\/\/eveready.com\/lat\/chile\/wp-json\/wp\/v2\/product"}],"about":[{"href":"https:\/\/eveready.com\/lat\/chile\/wp-json\/wp\/v2\/types\/product"}],"replies":[{"embeddable":true,"href":"https:\/\/eveready.com\/lat\/chile\/wp-json\/wp\/v2\/comments?post=5020"}],"wp:featuredmedia":[{"embeddable":true,"href":"https:\/\/eveready.com\/lat\/chile\/wp-json\/wp\/v2\/media\/5024"}],"wp:attachment":[{"href":"https:\/\/eveready.com\/lat\/chile\/wp-json\/wp\/v2\/media?parent=5020"}],"wp:term":[{"taxonomy":"product_brand","embeddable":true,"href":"https:\/\/eveready.com\/lat\/chile\/wp-json\/wp\/v2\/product_brand?post=5020"},{"taxonomy":"product_cat","embeddable":true,"href":"https:\/\/eveready.com\/lat\/chile\/wp-json\/wp\/v2\/product_cat?post=5020"},{"taxonomy":"product_tag","embeddable":true,"href":"https:\/\/eveready.com\/lat\/chile\/wp-json\/wp\/v2\/product_tag?post=5020"}],"curies":[{"name":"wp","href":"https:\/\/api.w.org\/{rel}","templated":true}]}}