{"id":294,"date":"2025-08-25T07:20:51","date_gmt":"2025-08-25T11:20:51","guid":{"rendered":"https:\/\/4575d4bec0.nxcli.io\/apac\/australia\/?page_id=294"},"modified":"2026-02-11T06:07:39","modified_gmt":"2026-02-11T11:07:39","slug":"flashlight-care","status":"publish","type":"page","link":"https:\/\/eveready.com\/lat\/ecuador\/about-eveready\/flashlight-care\/","title":{"rendered":"CUIDADO DE LAS LINTERNAS"},"content":{"rendered":"\t\t<div data-elementor-type=\"wp-page\" data-elementor-id=\"294\" class=\"elementor elementor-294\" data-elementor-post-type=\"page\">\n\t\t\t\t<div class=\"elementor-element elementor-element-700e413 e-con-full e-flex e-con e-parent\" data-id=\"700e413\" data-element_type=\"container\" data-e-type=\"container\">\n\t\t<div class=\"elementor-element elementor-element-dac3694 e-con-full e-flex e-con e-child\" data-id=\"dac3694\" data-element_type=\"container\" data-e-type=\"container\">\n\t\t\t\t<div class=\"elementor-element elementor-element-10c0037 elementor-widget elementor-widget-image\" data-id=\"10c0037\" data-element_type=\"widget\" data-e-type=\"widget\" data-widget_type=\"image.default\">\n\t\t\t\t\t\t\t\t\t\t\t\t\t\t\t<img fetchpriority=\"high\" decoding=\"async\" width=\"1500\" height=\"650\" src=\"https:\/\/eveready.com\/lat\/ecuador\/wp-content\/uploads\/sites\/3\/2025\/09\/subbanner.png\" class=\"attachment-full size-full wp-image-3648\" alt=\"\" srcset=\"https:\/\/eveready.com\/lat\/ecuador\/wp-content\/uploads\/sites\/3\/2025\/09\/subbanner.png 1500w, https:\/\/eveready.com\/lat\/ecuador\/wp-content\/uploads\/sites\/3\/2025\/09\/subbanner-300x130.png 300w, https:\/\/eveready.com\/lat\/ecuador\/wp-content\/uploads\/sites\/3\/2025\/09\/subbanner-1024x444.png 1024w, https:\/\/eveready.com\/lat\/ecuador\/wp-content\/uploads\/sites\/3\/2025\/09\/subbanner-150x65.png 150w, https:\/\/eveready.com\/lat\/ecuador\/wp-content\/uploads\/sites\/3\/2025\/09\/subbanner-768x333.png 768w, https:\/\/eveready.com\/lat\/ecuador\/wp-content\/uploads\/sites\/3\/2025\/09\/subbanner-600x260.png 600w\" sizes=\"(max-width: 1500px) 100vw, 1500px\" \/>\t\t\t\t\t\t\t\t\t\t\t\t\t\t\t<\/div>\n\t\t<div class=\"elementor-element elementor-element-d1be883 e-con-full e-flex e-con e-child\" data-id=\"d1be883\" data-element_type=\"container\" data-e-type=\"container\">\n\t\t\t\t<div class=\"elementor-element elementor-element-057c318 yellow-heading elementor-widget elementor-widget-heading\" data-id=\"057c318\" data-element_type=\"widget\" data-e-type=\"widget\" data-widget_type=\"heading.default\">\n\t\t\t\t\t<h2 class=\"elementor-heading-title elementor-size-default\">CUIDADO DE <\/h2>\t\t\t\t<\/div>\n\t\t\t\t<div class=\"elementor-element elementor-element-6403f62 elementor-widget-divider--view-line elementor-widget elementor-widget-divider\" data-id=\"6403f62\" data-element_type=\"widget\" data-e-type=\"widget\" data-widget_type=\"divider.default\">\n\t\t\t\t\t\t\t<div class=\"elementor-divider\">\n\t\t\t<span class=\"elementor-divider-separator\">\n\t\t\t\t\t\t<\/span>\n\t\t<\/div>\n\t\t\t\t\t\t<\/div>\n\t\t\t\t<div class=\"elementor-element elementor-element-d196292 white-heading elementor-widget elementor-widget-heading\" data-id=\"d196292\" data-element_type=\"widget\" data-e-type=\"widget\" data-widget_type=\"heading.default\">\n\t\t\t\t\t<h2 class=\"elementor-heading-title elementor-size-default\">LAS LINTERNAS<\/h2>\t\t\t\t<\/div>\n\t\t\t\t<\/div>\n\t\t\t\t<\/div>\n\t\t\t\t<\/div>\n\t\t<div class=\"elementor-element elementor-element-be94206 e-flex e-con-boxed e-con e-parent\" data-id=\"be94206\" data-element_type=\"container\" data-e-type=\"container\">\n\t\t\t\t\t<div class=\"e-con-inner\">\n\t\t\t\t<div class=\"elementor-element elementor-element-6d45777 elementor-widget elementor-widget-heading\" data-id=\"6d45777\" data-element_type=\"widget\" data-e-type=\"widget\" data-widget_type=\"heading.default\">\n\t\t\t\t\t<h3 class=\"elementor-heading-title elementor-size-default\">LO QUE DEBES HACER\n<\/h3>\t\t\t\t<\/div>\n\t\t\t\t<div class=\"elementor-element elementor-element-74e1ca0 elementor-list-item-link-full_width elementor-widget elementor-widget-icon-list\" data-id=\"74e1ca0\" data-element_type=\"widget\" data-e-type=\"widget\" data-widget_type=\"icon-list.default\">\n\t\t\t\t\t\t\t<ul class=\"elementor-icon-list-items\">\n\t\t\t\t\t\t\t<li class=\"elementor-icon-list-item\">\n\t\t\t\t\t\t\t\t\t\t\t<span class=\"elementor-icon-list-icon\">\n\t\t\t\t\t\t\t<svg aria-hidden=\"true\" class=\"e-font-icon-svg e-fas-circle\" viewBox=\"0 0 512 512\" xmlns=\"http:\/\/www.w3.org\/2000\/svg\"><path d=\"M256 8C119 8 8 119 8 256s111 248 248 248 248-111 248-248S393 8 256 8z\"><\/path><\/svg>\t\t\t\t\t\t<\/span>\n\t\t\t\t\t\t\t\t\t\t<span class=\"elementor-icon-list-text\">Guarda tu linterna en un lugar seco y fresco, que sea conveniente y f\u00e1cil de alcanzar en caso de emergencia o corte de energ\u00eda.<\/span>\n\t\t\t\t\t\t\t\t\t<\/li>\n\t\t\t\t\t\t\t\t<li class=\"elementor-icon-list-item\">\n\t\t\t\t\t\t\t\t\t\t\t<span class=\"elementor-icon-list-icon\">\n\t\t\t\t\t\t\t<svg aria-hidden=\"true\" class=\"e-font-icon-svg e-fas-circle\" viewBox=\"0 0 512 512\" xmlns=\"http:\/\/www.w3.org\/2000\/svg\"><path d=\"M256 8C119 8 8 119 8 256s111 248 248 248 248-111 248-248S393 8 256 8z\"><\/path><\/svg>\t\t\t\t\t\t<\/span>\n\t\t\t\t\t\t\t\t\t\t<span class=\"elementor-icon-list-text\">Reemplaza las bater\u00edas de tu linterna o l\u00e1mpara cada pocos meses si no se utilizan durante per\u00edodos prolongados. <\/span>\n\t\t\t\t\t\t\t\t\t<\/li>\n\t\t\t\t\t\t\t\t<li class=\"elementor-icon-list-item\">\n\t\t\t\t\t\t\t\t\t\t\t<span class=\"elementor-icon-list-icon\">\n\t\t\t\t\t\t\t<svg aria-hidden=\"true\" class=\"e-font-icon-svg e-fas-circle\" viewBox=\"0 0 512 512\" xmlns=\"http:\/\/www.w3.org\/2000\/svg\"><path d=\"M256 8C119 8 8 119 8 256s111 248 248 248 248-111 248-248S393 8 256 8z\"><\/path><\/svg>\t\t\t\t\t\t<\/span>\n\t\t\t\t\t\t\t\t\t\t<span class=\"elementor-icon-list-text\">Esto asegura que siempre tenga bater\u00edas nuevas y funcionales, evitando fugas.<\/span>\n\t\t\t\t\t\t\t\t\t<\/li>\n\t\t\t\t\t\t\t\t<li class=\"elementor-icon-list-item\">\n\t\t\t\t\t\t\t\t\t\t\t<span class=\"elementor-icon-list-icon\">\n\t\t\t\t\t\t\t<svg aria-hidden=\"true\" class=\"e-font-icon-svg e-fas-circle\" viewBox=\"0 0 512 512\" xmlns=\"http:\/\/www.w3.org\/2000\/svg\"><path d=\"M256 8C119 8 8 119 8 256s111 248 248 248 248-111 248-248S393 8 256 8z\"><\/path><\/svg>\t\t\t\t\t\t<\/span>\n\t\t\t\t\t\t\t\t\t\t<span class=\"elementor-icon-list-text\">Mant\u00e9n linternas almacenadas en varios lugares de tu casa y autom\u00f3vil: en un gabinete o caj\u00f3n, cerca de tu cama y en la guantera, para estar preparado ante emergencias.<\/span>\n\t\t\t\t\t\t\t\t\t<\/li>\n\t\t\t\t\t\t\t\t<li class=\"elementor-icon-list-item\">\n\t\t\t\t\t\t\t\t\t\t\t<span class=\"elementor-icon-list-icon\">\n\t\t\t\t\t\t\t<svg aria-hidden=\"true\" class=\"e-font-icon-svg e-fas-circle\" viewBox=\"0 0 512 512\" xmlns=\"http:\/\/www.w3.org\/2000\/svg\"><path d=\"M256 8C119 8 8 119 8 256s111 248 248 248 248-111 248-248S393 8 256 8z\"><\/path><\/svg>\t\t\t\t\t\t<\/span>\n\t\t\t\t\t\t\t\t\t\t<span class=\"elementor-icon-list-text\">Ten siempre un paquete nuevo de bater\u00edas Eveready\u00ae junto a tu linterna. Muchas familias descubren que las bater\u00edas no se han reemplazado con frecuencia o que los ni\u00f1os las han retirado para usarlas en juegos. Guardar un paquete sin abrir junto a tu linterna te da tranquilidad de que nunca te quedar\u00e1s a oscuras.<\/span>\n\t\t\t\t\t\t\t\t\t<\/li>\n\t\t\t\t\t\t<\/ul>\n\t\t\t\t\t\t<\/div>\n\t\t\t\t<div class=\"elementor-element elementor-element-92c93b3 elementor-widget elementor-widget-heading\" data-id=\"92c93b3\" data-element_type=\"widget\" data-e-type=\"widget\" data-widget_type=\"heading.default\">\n\t\t\t\t\t<h3 class=\"elementor-heading-title elementor-size-default\">LO QUE NO DEBES HACER\n<\/h3>\t\t\t\t<\/div>\n\t\t\t\t<div class=\"elementor-element elementor-element-54f2d78 elementor-list-item-link-full_width elementor-widget elementor-widget-icon-list\" data-id=\"54f2d78\" data-element_type=\"widget\" data-e-type=\"widget\" data-widget_type=\"icon-list.default\">\n\t\t\t\t\t\t\t<ul class=\"elementor-icon-list-items\">\n\t\t\t\t\t\t\t<li class=\"elementor-icon-list-item\">\n\t\t\t\t\t\t\t\t\t\t\t<span class=\"elementor-icon-list-icon\">\n\t\t\t\t\t\t\t<svg aria-hidden=\"true\" class=\"e-font-icon-svg e-fas-circle\" viewBox=\"0 0 512 512\" xmlns=\"http:\/\/www.w3.org\/2000\/svg\"><path d=\"M256 8C119 8 8 119 8 256s111 248 248 248 248-111 248-248S393 8 256 8z\"><\/path><\/svg>\t\t\t\t\t\t<\/span>\n\t\t\t\t\t\t\t\t\t\t<span class=\"elementor-icon-list-text\">No almacenes tu linterna en lugares con altas temperaturas. Esto puede acelerar defectos, incluyendo posibles fugas de bater\u00eda.<\/span>\n\t\t\t\t\t\t\t\t\t<\/li>\n\t\t\t\t\t\t\t\t<li class=\"elementor-icon-list-item\">\n\t\t\t\t\t\t\t\t\t\t\t<span class=\"elementor-icon-list-icon\">\n\t\t\t\t\t\t\t<svg aria-hidden=\"true\" class=\"e-font-icon-svg e-fas-circle\" viewBox=\"0 0 512 512\" xmlns=\"http:\/\/www.w3.org\/2000\/svg\"><path d=\"M256 8C119 8 8 119 8 256s111 248 248 248 248-111 248-248S393 8 256 8z\"><\/path><\/svg>\t\t\t\t\t\t<\/span>\n\t\t\t\t\t\t\t\t\t\t<span class=\"elementor-icon-list-text\">No dejes tu linterna bajo el asiento del autom\u00f3vil ni expuesta directamente al sol.<\/span>\n\t\t\t\t\t\t\t\t\t<\/li>\n\t\t\t\t\t\t<\/ul>\n\t\t\t\t\t\t<\/div>\n\t\t\t\t\t<\/div>\n\t\t\t\t<\/div>\n\t\t\t\t<\/div>\n\t\t","protected":false},"excerpt":{"rendered":"<p>CUIDADO DE LAS LINTERNAS LO QUE DEBES HACER Guarda tu linterna en un lugar seco y fresco, que sea conveniente y f\u00e1cil de alcanzar en caso de emergencia o corte de energ\u00eda. Reemplaza las bater\u00edas de tu linterna o l\u00e1mpara cada pocos meses si no se utilizan durante per\u00edodos prolongados. Esto asegura que siempre tenga [&hellip;]<\/p>\n","protected":false},"author":1,"featured_media":0,"parent":90,"menu_order":0,"comment_status":"closed","ping_status":"closed","template":"","meta":{"_acf_changed":false,"footnotes":""},"class_list":["post-294","page","type-page","status-publish","hentry"],"yoast_head":"<!-- This site is optimized with the Yoast SEO plugin v27.4 - https:\/\/yoast.com\/product\/yoast-seo-wordpress\/ -->\n<title>CUIDADO DE LAS LINTERNAS - Eveready Ecuador<\/title>\n<meta name=\"robots\" content=\"index, follow, max-snippet:-1, max-image-preview:large, max-video-preview:-1\" \/>\n<link rel=\"canonical\" href=\"https:\/\/eveready.com\/lat\/ecuador\/about-eveready\/flashlight-care\/\" \/>\n<meta property=\"og:locale\" content=\"en_US\" \/>\n<meta property=\"og:type\" content=\"article\" \/>\n<meta property=\"og:title\" content=\"CUIDADO DE LAS LINTERNAS - Eveready Ecuador\" \/>\n<meta property=\"og:description\" content=\"CUIDADO DE LAS LINTERNAS LO QUE DEBES HACER Guarda tu linterna en un lugar seco y fresco, que sea conveniente y f\u00e1cil de alcanzar en caso de emergencia o corte de energ\u00eda. Reemplaza las bater\u00edas de tu linterna o l\u00e1mpara cada pocos meses si no se utilizan durante per\u00edodos prolongados. Esto asegura que siempre tenga [&hellip;]\" \/>\n<meta property=\"og:url\" content=\"https:\/\/eveready.com\/lat\/ecuador\/about-eveready\/flashlight-care\/\" \/>\n<meta property=\"og:site_name\" content=\"Eveready Ecuador\" \/>\n<meta property=\"article:modified_time\" content=\"2026-02-11T11:07:39+00:00\" \/>\n<meta property=\"og:image\" content=\"https:\/\/eveready.com\/lat\/ecuador\/wp-content\/uploads\/sites\/3\/2025\/09\/subbanner.png\" \/>\n<meta name=\"twitter:card\" content=\"summary_large_image\" \/>\n<meta name=\"twitter:label1\" content=\"Est. reading time\" \/>\n\t<meta name=\"twitter:data1\" content=\"1 minute\" \/>\n<script type=\"application\/ld+json\" class=\"yoast-schema-graph\">{\"@context\":\"https:\\\/\\\/schema.org\",\"@graph\":[{\"@type\":\"WebPage\",\"@id\":\"https:\\\/\\\/eveready.com\\\/lat\\\/ecuador\\\/about-eveready\\\/flashlight-care\\\/\",\"url\":\"https:\\\/\\\/eveready.com\\\/lat\\\/ecuador\\\/about-eveready\\\/flashlight-care\\\/\",\"name\":\"CUIDADO DE LAS LINTERNAS - Eveready Ecuador\",\"isPartOf\":{\"@id\":\"https:\\\/\\\/eveready.com\\\/lat\\\/ecuador\\\/#website\"},\"primaryImageOfPage\":{\"@id\":\"https:\\\/\\\/eveready.com\\\/lat\\\/ecuador\\\/about-eveready\\\/flashlight-care\\\/#primaryimage\"},\"image\":{\"@id\":\"https:\\\/\\\/eveready.com\\\/lat\\\/ecuador\\\/about-eveready\\\/flashlight-care\\\/#primaryimage\"},\"thumbnailUrl\":\"https:\\\/\\\/eveready.com\\\/lat\\\/ecuador\\\/wp-content\\\/uploads\\\/sites\\\/3\\\/2025\\\/09\\\/subbanner.png\",\"datePublished\":\"2025-08-25T11:20:51+00:00\",\"dateModified\":\"2026-02-11T11:07:39+00:00\",\"breadcrumb\":{\"@id\":\"https:\\\/\\\/eveready.com\\\/lat\\\/ecuador\\\/about-eveready\\\/flashlight-care\\\/#breadcrumb\"},\"inLanguage\":\"en-US\",\"potentialAction\":[{\"@type\":\"ReadAction\",\"target\":[\"https:\\\/\\\/eveready.com\\\/lat\\\/ecuador\\\/about-eveready\\\/flashlight-care\\\/\"]}]},{\"@type\":\"ImageObject\",\"inLanguage\":\"en-US\",\"@id\":\"https:\\\/\\\/eveready.com\\\/lat\\\/ecuador\\\/about-eveready\\\/flashlight-care\\\/#primaryimage\",\"url\":\"https:\\\/\\\/eveready.com\\\/lat\\\/ecuador\\\/wp-content\\\/uploads\\\/sites\\\/3\\\/2025\\\/09\\\/subbanner.png\",\"contentUrl\":\"https:\\\/\\\/eveready.com\\\/lat\\\/ecuador\\\/wp-content\\\/uploads\\\/sites\\\/3\\\/2025\\\/09\\\/subbanner.png\",\"width\":1500,\"height\":650},{\"@type\":\"BreadcrumbList\",\"@id\":\"https:\\\/\\\/eveready.com\\\/lat\\\/ecuador\\\/about-eveready\\\/flashlight-care\\\/#breadcrumb\",\"itemListElement\":[{\"@type\":\"ListItem\",\"position\":1,\"name\":\"Home\",\"item\":\"https:\\\/\\\/eveready.com\\\/lat\\\/ecuador\\\/\"},{\"@type\":\"ListItem\",\"position\":2,\"name\":\"ACERCA DE NOSOTROS\",\"item\":\"https:\\\/\\\/eveready.com\\\/lat\\\/ecuador\\\/about-eveready\\\/\"},{\"@type\":\"ListItem\",\"position\":3,\"name\":\"CUIDADO DE LAS LINTERNAS\"}]},{\"@type\":\"WebSite\",\"@id\":\"https:\\\/\\\/eveready.com\\\/lat\\\/ecuador\\\/#website\",\"url\":\"https:\\\/\\\/eveready.com\\\/lat\\\/ecuador\\\/\",\"name\":\"Eveready Ecuador\",\"description\":\"\",\"publisher\":{\"@id\":\"https:\\\/\\\/eveready.com\\\/lat\\\/ecuador\\\/#organization\"},\"potentialAction\":[{\"@type\":\"SearchAction\",\"target\":{\"@type\":\"EntryPoint\",\"urlTemplate\":\"https:\\\/\\\/eveready.com\\\/lat\\\/ecuador\\\/?s={search_term_string}\"},\"query-input\":{\"@type\":\"PropertyValueSpecification\",\"valueRequired\":true,\"valueName\":\"search_term_string\"}}],\"inLanguage\":\"en-US\"},{\"@type\":\"Organization\",\"@id\":\"https:\\\/\\\/eveready.com\\\/lat\\\/ecuador\\\/#organization\",\"name\":\"Eveready Ecuador\",\"url\":\"https:\\\/\\\/eveready.com\\\/lat\\\/ecuador\\\/\",\"logo\":{\"@type\":\"ImageObject\",\"inLanguage\":\"en-US\",\"@id\":\"https:\\\/\\\/eveready.com\\\/lat\\\/ecuador\\\/#\\\/schema\\\/logo\\\/image\\\/\",\"url\":\"https:\\\/\\\/eveready.com\\\/lat\\\/ecuador\\\/wp-content\\\/uploads\\\/sites\\\/3\\\/2025\\\/08\\\/logo-eveready.png\",\"contentUrl\":\"https:\\\/\\\/eveready.com\\\/lat\\\/ecuador\\\/wp-content\\\/uploads\\\/sites\\\/3\\\/2025\\\/08\\\/logo-eveready.png\",\"width\":855,\"height\":220,\"caption\":\"Eveready Ecuador\"},\"image\":{\"@id\":\"https:\\\/\\\/eveready.com\\\/lat\\\/ecuador\\\/#\\\/schema\\\/logo\\\/image\\\/\"}}]}<\/script>\n<!-- \/ Yoast SEO plugin. -->","yoast_head_json":{"title":"CUIDADO DE LAS LINTERNAS - Eveready Ecuador","robots":{"index":"index","follow":"follow","max-snippet":"max-snippet:-1","max-image-preview":"max-image-preview:large","max-video-preview":"max-video-preview:-1"},"canonical":"https:\/\/eveready.com\/lat\/ecuador\/about-eveready\/flashlight-care\/","og_locale":"en_US","og_type":"article","og_title":"CUIDADO DE LAS LINTERNAS - Eveready Ecuador","og_description":"CUIDADO DE LAS LINTERNAS LO QUE DEBES HACER Guarda tu linterna en un lugar seco y fresco, que sea conveniente y f\u00e1cil de alcanzar en caso de emergencia o corte de energ\u00eda. Reemplaza las bater\u00edas de tu linterna o l\u00e1mpara cada pocos meses si no se utilizan durante per\u00edodos prolongados. Esto asegura que siempre tenga [&hellip;]","og_url":"https:\/\/eveready.com\/lat\/ecuador\/about-eveready\/flashlight-care\/","og_site_name":"Eveready Ecuador","article_modified_time":"2026-02-11T11:07:39+00:00","og_image":[{"url":"https:\/\/eveready.com\/lat\/ecuador\/wp-content\/uploads\/sites\/3\/2025\/09\/subbanner.png","type":"","width":"","height":""}],"twitter_card":"summary_large_image","twitter_misc":{"Est. reading time":"1 minute"},"schema":{"@context":"https:\/\/schema.org","@graph":[{"@type":"WebPage","@id":"https:\/\/eveready.com\/lat\/ecuador\/about-eveready\/flashlight-care\/","url":"https:\/\/eveready.com\/lat\/ecuador\/about-eveready\/flashlight-care\/","name":"CUIDADO DE LAS LINTERNAS - Eveready Ecuador","isPartOf":{"@id":"https:\/\/eveready.com\/lat\/ecuador\/#website"},"primaryImageOfPage":{"@id":"https:\/\/eveready.com\/lat\/ecuador\/about-eveready\/flashlight-care\/#primaryimage"},"image":{"@id":"https:\/\/eveready.com\/lat\/ecuador\/about-eveready\/flashlight-care\/#primaryimage"},"thumbnailUrl":"https:\/\/eveready.com\/lat\/ecuador\/wp-content\/uploads\/sites\/3\/2025\/09\/subbanner.png","datePublished":"2025-08-25T11:20:51+00:00","dateModified":"2026-02-11T11:07:39+00:00","breadcrumb":{"@id":"https:\/\/eveready.com\/lat\/ecuador\/about-eveready\/flashlight-care\/#breadcrumb"},"inLanguage":"en-US","potentialAction":[{"@type":"ReadAction","target":["https:\/\/eveready.com\/lat\/ecuador\/about-eveready\/flashlight-care\/"]}]},{"@type":"ImageObject","inLanguage":"en-US","@id":"https:\/\/eveready.com\/lat\/ecuador\/about-eveready\/flashlight-care\/#primaryimage","url":"https:\/\/eveready.com\/lat\/ecuador\/wp-content\/uploads\/sites\/3\/2025\/09\/subbanner.png","contentUrl":"https:\/\/eveready.com\/lat\/ecuador\/wp-content\/uploads\/sites\/3\/2025\/09\/subbanner.png","width":1500,"height":650},{"@type":"BreadcrumbList","@id":"https:\/\/eveready.com\/lat\/ecuador\/about-eveready\/flashlight-care\/#breadcrumb","itemListElement":[{"@type":"ListItem","position":1,"name":"Home","item":"https:\/\/eveready.com\/lat\/ecuador\/"},{"@type":"ListItem","position":2,"name":"ACERCA DE NOSOTROS","item":"https:\/\/eveready.com\/lat\/ecuador\/about-eveready\/"},{"@type":"ListItem","position":3,"name":"CUIDADO DE LAS LINTERNAS"}]},{"@type":"WebSite","@id":"https:\/\/eveready.com\/lat\/ecuador\/#website","url":"https:\/\/eveready.com\/lat\/ecuador\/","name":"Eveready Ecuador","description":"","publisher":{"@id":"https:\/\/eveready.com\/lat\/ecuador\/#organization"},"potentialAction":[{"@type":"SearchAction","target":{"@type":"EntryPoint","urlTemplate":"https:\/\/eveready.com\/lat\/ecuador\/?s={search_term_string}"},"query-input":{"@type":"PropertyValueSpecification","valueRequired":true,"valueName":"search_term_string"}}],"inLanguage":"en-US"},{"@type":"Organization","@id":"https:\/\/eveready.com\/lat\/ecuador\/#organization","name":"Eveready Ecuador","url":"https:\/\/eveready.com\/lat\/ecuador\/","logo":{"@type":"ImageObject","inLanguage":"en-US","@id":"https:\/\/eveready.com\/lat\/ecuador\/#\/schema\/logo\/image\/","url":"https:\/\/eveready.com\/lat\/ecuador\/wp-content\/uploads\/sites\/3\/2025\/08\/logo-eveready.png","contentUrl":"https:\/\/eveready.com\/lat\/ecuador\/wp-content\/uploads\/sites\/3\/2025\/08\/logo-eveready.png","width":855,"height":220,"caption":"Eveready Ecuador"},"image":{"@id":"https:\/\/eveready.com\/lat\/ecuador\/#\/schema\/logo\/image\/"}}]}},"acf":[],"_links":{"self":[{"href":"https:\/\/eveready.com\/lat\/ecuador\/wp-json\/wp\/v2\/pages\/294","targetHints":{"allow":["GET"]}}],"collection":[{"href":"https:\/\/eveready.com\/lat\/ecuador\/wp-json\/wp\/v2\/pages"}],"about":[{"href":"https:\/\/eveready.com\/lat\/ecuador\/wp-json\/wp\/v2\/types\/page"}],"author":[{"embeddable":true,"href":"https:\/\/eveready.com\/lat\/ecuador\/wp-json\/wp\/v2\/users\/1"}],"replies":[{"embeddable":true,"href":"https:\/\/eveready.com\/lat\/ecuador\/wp-json\/wp\/v2\/comments?post=294"}],"version-history":[{"count":10,"href":"https:\/\/eveready.com\/lat\/ecuador\/wp-json\/wp\/v2\/pages\/294\/revisions"}],"predecessor-version":[{"id":5268,"href":"https:\/\/eveready.com\/lat\/ecuador\/wp-json\/wp\/v2\/pages\/294\/revisions\/5268"}],"up":[{"embeddable":true,"href":"https:\/\/eveready.com\/lat\/ecuador\/wp-json\/wp\/v2\/pages\/90"}],"wp:attachment":[{"href":"https:\/\/eveready.com\/lat\/ecuador\/wp-json\/wp\/v2\/media?parent=294"}],"curies":[{"name":"wp","href":"https:\/\/api.w.org\/{rel}","templated":true}]}}